CRAN Package Check Results for Package expSBM

Last updated on 2023-03-30 08:53:36 CEST.

Flavor Version Tinstall Tcheck Ttotal Status Flags
r-devel-linux-x86_64-debian-clang 1.3.5 81.50 34.48 115.98 NOTE
r-devel-linux-x86_64-debian-gcc 1.3.5 59.52 27.17 86.69 NOTE
r-devel-linux-x86_64-fedora-clang 1.3.5 179.67 NOTE
r-devel-linux-x86_64-fedora-gcc 1.3.5 143.34 NOTE
r-devel-windows-x86_64 1.3.5 69.00 0.00 69.00 NOTE
r-patched-linux-x86_64 1.3.5 66.21 34.00 100.21 NOTE
r-release-linux-x86_64 1.3.5 63.41 35.81 99.22 OK
r-release-macos-arm64 1.3.5 40.00 OK
r-release-macos-x86_64 1.3.5 52.00 OK
r-release-windows-x86_64 1.3.5 66.00 89.00 155.00 OK
r-oldrel-macos-arm64 1.3.5 49.00 OK
r-oldrel-macos-x86_64 1.3.5 79.00 OK
r-oldrel-windows-ix86+x86_64 1.3.5 201.00 86.00 287.00 OK

Check Details

Version: 1.3.5
Check: C++ specification
Result: NOTE
     Specified C++11: please drop specification unless essential
Flavors: r-devel-linux-x86_64-debian-clang, r-devel-linux-x86_64-debian-gcc, r-devel-linux-x86_64-fedora-clang, r-devel-linux-x86_64-fedora-gcc, r-devel-windows-x86_64, r-patched-linux-x86_64