CRAN Package Check Results for Package exp2flux

Last updated on 2020-07-14 09:50:27 CEST.

Flavor Version Tinstall Tcheck Ttotal Status Flags
r-devel-linux-x86_64-debian-clang 0.1 21.46 190.29 211.75 OK
r-devel-linux-x86_64-debian-gcc 0.1 19.96 141.91 161.87 OK
r-devel-linux-x86_64-fedora-clang 0.1 264.52 OK
r-devel-linux-x86_64-fedora-gcc 0.1 260.06 OK
r-devel-windows-ix86+x86_64 0.1 55.00 220.00 275.00 OK
r-patched-linux-x86_64 0.1 21.90 180.17 202.07 OK
r-patched-solaris-x86 0.1 377.40 OK
r-release-linux-x86_64 0.1 23.03 179.11 202.14 OK
r-release-macos-x86_64 0.1 ERROR
r-release-windows-ix86+x86_64 0.1 56.00 170.00 226.00 OK
r-oldrel-macos-x86_64 0.1 OK
r-oldrel-windows-ix86+x86_64 0.1 49.00 212.00 261.00 OK

Check Details

Version: 0.1
Check: package dependencies
Result: ERROR
    Package required but not available: ‘gage’
    
    See section ‘The DESCRIPTION file’ in the ‘Writing R Extensions’
    manual.
Flavor: r-release-macos-x86_64