CRAN Package Check Results for Package excursions

Last updated on 2024-02-23 19:48:45 CET.

Flavor Version Tinstall Tcheck Ttotal Status Flags
r-devel-linux-x86_64-debian-clang 2.5.8 NOTE
r-devel-linux-x86_64-debian-gcc 2.5.8 25.11 121.65 146.76 NOTE
r-devel-linux-x86_64-fedora-clang 2.5.8 246.09 OK
r-devel-linux-x86_64-fedora-gcc 2.5.8 247.15 OK
r-devel-windows-x86_64 2.5.8 32.00 143.00 175.00 OK
r-patched-linux-x86_64 2.5.8 32.00 160.10 192.10 NOTE
r-release-linux-x86_64 2.5.8 28.90 159.44 188.34 NOTE
r-release-macos-arm64 2.5.8 77.00 NOTE
r-release-macos-x86_64 2.5.8 137.00 NOTE
r-release-windows-x86_64 2.5.8 42.00 180.00 222.00 NOTE
r-oldrel-macos-arm64 2.5.8 70.00 NOTE
r-oldrel-windows-x86_64 2.5.8 40.00 174.00 214.00 NOTE

Check Details

Version: 2.5.8
Check: package dependencies
Result: NOTE Package suggested but not available for checking: ‘INLA’ Flavors: r-devel-linux-x86_64-debian-clang, r-devel-linux-x86_64-debian-gcc, r-patched-linux-x86_64, r-release-linux-x86_64, r-release-macos-arm64, r-release-macos-x86_64, r-release-windows-x86_64, r-oldrel-macos-arm64, r-oldrel-windows-x86_64