CRAN Package Check Results for Package exactmeta

Last updated on 2021-12-06 19:50:38 CET.

Flavor Version Tinstall Tcheck Ttotal Status Flags
r-devel-linux-x86_64-debian-clang 1.0-2 3.65 41.87 45.52 NOTE
r-devel-linux-x86_64-debian-gcc 1.0-2 3.51 32.14 35.65 NOTE
r-devel-linux-x86_64-fedora-clang 1.0-2 56.96 NOTE
r-devel-linux-x86_64-fedora-gcc 1.0-2 46.07 NOTE
r-devel-windows-x86_64-new-UL 1.0-2 7.00 60.00 67.00 NOTE
r-devel-windows-x86_64-new-TK 1.0-2 NOTE
r-devel-windows-x86_64-old 1.0-2 6.00 34.00 40.00 NOTE
r-patched-linux-x86_64 1.0-2 3.55 32.21 35.76 NOTE
r-release-linux-x86_64 1.0-2 3.74 39.91 43.65 NOTE
r-release-macos-arm64 1.0-2 NOTE
r-release-macos-x86_64 1.0-2 NOTE
r-release-windows-ix86+x86_64 1.0-2 7.00 35.00 42.00 NOTE
r-oldrel-macos-x86_64 1.0-2 NOTE
r-oldrel-windows-ix86+x86_64 1.0-2 7.00 33.00 40.00 NOTE

Check Details

Version: 1.0-2
Check: R code for possible problems
Result: NOTE
    binom.confint : eq1: no visible global function definition for 'pbinom'
    binom.confint : eq1: no visible global function definition for 'dbinom'
    binom.confint: no visible global function definition for 'uniroot'
    binom.confint : eq2: no visible global function definition for 'pbinom'
    binom.confint : eq2: no visible global function definition for 'dbinom'
    ci.RateR: no visible global function definition for 'pbinom'
    ci.RateR: no visible global function definition for 'dbinom'
    meta.RateD: no visible global function definition for 'qnorm'
    meta.RateD: no visible global function definition for 'pchisq'
    meta.RateD: no visible global function definition for 'runif'
    meta.RateD: no visible global function definition for 'quantile'
    meta.RateR: no visible global function definition for 'qnorm'
    meta.RateR: no visible global function definition for 'pchisq'
    meta.RateR: no visible global function definition for 'runif'
    meta.RateR: no visible global function definition for 'quantile'
    meta.RiskD: no visible global function definition for 'qnorm'
    meta.RiskD: no visible global function definition for 'pchisq'
    meta.RiskD: no visible global function definition for 'runif'
    meta.RiskD: no visible global function definition for 'quantile'
    meta.RiskR: no visible global function definition for 'qnorm'
    meta.RiskR: no visible global function definition for 'pchisq'
    meta.RiskR: no visible global function definition for 'runif'
    meta.RiskR: no visible global function definition for 'quantile'
    poisson.confint : f: no visible global function definition for 'ppois'
    poisson.confint : f: no visible global function definition for 'dpois'
    poisson.confint: no visible global function definition for 'uniroot'
    poisson.confint : f1: no visible global function definition for 'ppois'
    poisson.confint : f1: no visible global function definition for 'dpois'
    poisson.confint : f2: no visible global function definition for 'ppois'
    poisson.confint : f2: no visible global function definition for 'dpois'
    prateD.exact: no visible global function definition for 'qpois'
    prateD.exact: no visible global function definition for 'dpois'
    prateR.exact: no visible global function definition for 'pbinom'
    prateR.exact: no visible global function definition for 'dbinom'
    priskD.exact: no visible global function definition for 'dbinom'
    priskR.exact: no visible global function definition for 'dbinom'
    Undefined global functions or variables:
     dbinom dpois pbinom pchisq ppois qnorm qpois quantile runif uniroot
    Consider adding
     importFrom("stats", "dbinom", "dpois", "pbinom", "pchisq", "ppois",
     "qnorm", "qpois", "quantile", "runif", "uniroot")
    to your NAMESPACE file.
Flavors: r-devel-linux-x86_64-debian-clang, r-devel-linux-x86_64-debian-gcc, r-devel-linux-x86_64-fedora-clang, r-devel-linux-x86_64-fedora-gcc, r-devel-windows-x86_64-new-UL, r-devel-windows-x86_64-new-TK, r-devel-windows-x86_64-old, r-patched-linux-x86_64, r-release-linux-x86_64, r-release-macos-arm64, r-release-macos-x86_64, r-release-windows-ix86+x86_64, r-oldrel-macos-x86_64, r-oldrel-windows-ix86+x86_64