CRAN Package Check Results for Package exactextractr

Last updated on 2024-02-26 07:50:00 CET.

Flavor Version Tinstall Tcheck Ttotal Status Flags
r-devel-linux-x86_64-debian-clang 0.10.0 117.67 448.53 566.20 NOTE
r-devel-linux-x86_64-debian-gcc 0.10.0 90.08 344.14 434.22 NOTE
r-devel-linux-x86_64-fedora-clang 0.10.0 747.51 NOTE
r-devel-linux-x86_64-fedora-gcc 0.10.0 753.80 NOTE
r-devel-windows-x86_64 0.10.0 89.00 339.00 428.00 NOTE
r-patched-linux-x86_64 0.10.0 106.02 442.30 548.32 NOTE
r-release-linux-x86_64 0.10.0 113.95 442.85 556.80 NOTE
r-release-macos-arm64 0.10.0 168.00 NOTE
r-release-macos-x86_64 0.10.0 530.00 NOTE
r-release-windows-x86_64 0.10.0 115.00 462.00 577.00 NOTE
r-oldrel-macos-arm64 0.10.0 155.00 NOTE
r-oldrel-windows-x86_64 0.10.0 115.00 435.00 550.00 OK

Check Details

Version: 0.10.0
Check: C++ specification
Result: NOTE Specified C++14: please drop specification unless essential Flavors: r-devel-linux-x86_64-debian-clang, r-devel-linux-x86_64-debian-gcc, r-devel-linux-x86_64-fedora-clang, r-devel-linux-x86_64-fedora-gcc, r-devel-windows-x86_64, r-patched-linux-x86_64, r-release-linux-x86_64, r-release-macos-arm64, r-release-macos-x86_64, r-release-windows-x86_64

Version: 0.10.0
Check: installed package size
Result: NOTE installed size is 7.5Mb sub-directories of 1Mb or more: libs 6.6Mb Flavors: r-release-macos-arm64, r-release-macos-x86_64, r-oldrel-macos-arm64