CRAN Package Check Results for Package evian

Last updated on 2024-02-21 19:53:14 CET.

Flavor Version Tinstall Tcheck Ttotal Status Flags
r-devel-linux-x86_64-debian-clang 2.1.0 NOTE
r-devel-linux-x86_64-debian-gcc 2.1.0 2.48 49.48 51.96 NOTE
r-devel-linux-x86_64-fedora-clang 2.1.0 84.95 NOTE
r-devel-linux-x86_64-fedora-gcc 2.1.0 86.14 NOTE
r-devel-windows-x86_64 2.1.0 4.00 75.00 79.00 NOTE
r-patched-linux-x86_64 2.1.0 3.98 61.33 65.31 NOTE
r-release-linux-x86_64 2.1.0 3.49 64.00 67.49 NOTE
r-release-macos-arm64 2.1.0 32.00 NOTE
r-release-macos-x86_64 2.1.0 45.00 NOTE
r-release-windows-x86_64 2.1.0 5.00 76.00 81.00 NOTE
r-oldrel-macos-arm64 2.1.0 32.00 OK
r-oldrel-windows-x86_64 2.1.0 5.00 80.00 85.00 OK

Check Details

Version: 2.1.0
Check: Rd files
Result: NOTE checkRd: (-1) calculateGLR.Rd:43: Escaped LaTeX specials: \& checkRd: (-1) glr.Rd:5: Lost braces 5 | Conducts a generalized likelihood ratio test testing whether {\eqn{\beta \in} (-\code{c},\code{c})}. Covariates can be accommodated. | ^ checkRd: (-1) glr.Rd:34: Lost braces 34 | This is a similar function to the main function \code{evian}. Instead of testing H0: \eqn{\beta}=0, it tests for whether H0:{\eqn{\beta \in} (-\code{c},\code{c})}. | ^ Flavors: r-devel-linux-x86_64-debian-clang, r-devel-linux-x86_64-debian-gcc

Version: 2.1.0
Check: Rd files
Result: NOTE checkRd: (-1) calculateGLR.Rd:43: Escaped LaTeX specials: \& Flavors: r-devel-linux-x86_64-fedora-clang, r-devel-linux-x86_64-fedora-gcc, r-devel-windows-x86_64, r-patched-linux-x86_64, r-release-linux-x86_64, r-release-macos-arm64, r-release-macos-x86_64, r-release-windows-x86_64