CRAN Package Check Results for Package evian

Last updated on 2021-09-22 08:50:06 CEST.

Flavor Version Tinstall Tcheck Ttotal Status Flags
r-devel-linux-x86_64-debian-clang 2.1.0 3.15 63.39 66.54 OK
r-devel-linux-x86_64-debian-gcc 2.1.0 2.75 46.75 49.50 OK
r-devel-linux-x86_64-fedora-clang 2.1.0 85.01 OK
r-devel-linux-x86_64-fedora-gcc 2.1.0 74.51 OK
r-devel-windows-x86_64 2.1.0 5.00 63.00 68.00 OK
r-devel-windows-x86_64-gcc10-UCRT 2.1.0 ERROR
r-patched-linux-x86_64 2.1.0 3.85 59.86 63.71 OK
r-patched-solaris-x86 2.1.0 118.20 OK
r-release-linux-x86_64 2.1.0 3.68 59.17 62.85 OK
r-release-macos-arm64 2.1.0 OK
r-release-macos-x86_64 2.1.0 OK
r-release-windows-ix86+x86_64 2.1.0 8.00 58.00 66.00 OK
r-oldrel-macos-x86_64 2.1.0 OK
r-oldrel-windows-ix86+x86_64 2.1.0 6.00 62.00 68.00 OK

Check Details

Version: 2.1.0
Check: PDF version of manual
Result: WARN
    LaTeX errors when creating PDF version.
    This typically indicates Rd problems.
Flavor: r-devel-windows-x86_64-gcc10-UCRT

Version: 2.1.0
Check: PDF version of manual without hyperrefs or index
Result: ERROR
    Re-running with no redirection of stdout/stderr.
Flavor: r-devel-windows-x86_64-gcc10-UCRT