CRAN Package Check Results for Package evabic

Last updated on 2021-12-05 07:49:09 CET.

Flavor Version Tinstall Tcheck Ttotal Status Flags
r-devel-linux-x86_64-debian-clang 0.0.3 2.30 32.23 34.53 NOTE
r-devel-linux-x86_64-debian-gcc 0.0.3 1.75 25.47 27.22 NOTE
r-devel-linux-x86_64-fedora-clang 0.0.3 43.46 NOTE
r-devel-linux-x86_64-fedora-gcc 0.0.3 32.49 NOTE
r-devel-windows-x86_64-new-UL 0.0.3 7.00 58.00 65.00 NOTE
r-devel-windows-x86_64-new-TK 0.0.3 NOTE
r-devel-windows-x86_64-old 0.0.3 4.00 32.00 36.00 NOTE
r-patched-linux-x86_64 0.0.3 2.28 23.58 25.86 NOTE
r-release-linux-x86_64 0.0.3 2.05 30.61 32.66 NOTE
r-release-macos-arm64 0.0.3 NOTE
r-release-macos-x86_64 0.0.3 NOTE
r-release-windows-ix86+x86_64 0.0.3 5.00 40.00 45.00 NOTE
r-oldrel-macos-x86_64 0.0.3 OK
r-oldrel-windows-ix86+x86_64 0.0.3 6.00 40.00 46.00 OK

Check Details

Version: 0.0.3
Check: LazyData
Result: NOTE
     'LazyData' is specified without a 'data' directory
Flavors: r-devel-linux-x86_64-debian-clang, r-devel-linux-x86_64-debian-gcc, r-devel-linux-x86_64-fedora-clang, r-devel-linux-x86_64-fedora-gcc, r-devel-windows-x86_64-new-UL, r-devel-windows-x86_64-new-TK, r-devel-windows-x86_64-old, r-patched-linux-x86_64, r-release-linux-x86_64, r-release-macos-arm64, r-release-macos-x86_64, r-release-windows-ix86+x86_64