CRAN Package Check Results for Package estimatr

Last updated on 2020-07-11 09:48:53 CEST.

Flavor Version Tinstall Tcheck Ttotal Status Flags
r-devel-linux-x86_64-debian-clang 0.22.0 91.30 127.57 218.87 OK
r-devel-linux-x86_64-debian-gcc 0.22.0 79.83 101.04 180.87 OK
r-devel-linux-x86_64-fedora-gcc 0.22.0 291.45 OK
r-devel-windows-ix86+x86_64 0.22.0 157.00 212.00 369.00 OK
r-patched-linux-x86_64 0.22.0 76.82 128.64 205.46 OK
r-patched-solaris-x86 0.22.0 305.30 OK
r-release-linux-x86_64 0.22.0 79.28 129.39 208.67 OK
r-release-osx-x86_64 0.22.0 NOTE
r-release-windows-ix86+x86_64 0.22.0 159.00 192.00 351.00 OK
r-oldrel-osx-x86_64 0.22.0 NOTE
r-oldrel-windows-ix86+x86_64 0.22.0 195.00 178.00 373.00 OK

Check Details

Version: 0.22.0
Check: installed package size
Result: NOTE
     installed size is 28.1Mb
     sub-directories of 1Mb or more:
     libs 27.8Mb
Flavors: r-release-osx-x86_64, r-oldrel-osx-x86_64