CRAN Package Check Results for Package estatapi

Last updated on 2024-03-02 07:50:01 CET.

Flavor Version Tinstall Tcheck Ttotal Status Flags
r-devel-linux-x86_64-debian-clang 0.4.0 3.37 32.71 36.08 NOTE
r-devel-linux-x86_64-debian-gcc 0.4.0 2.35 25.16 27.51 NOTE
r-devel-linux-x86_64-fedora-clang 0.4.0 44.21 NOTE
r-devel-linux-x86_64-fedora-gcc 0.4.0 43.92 NOTE
r-devel-windows-x86_64 0.4.0 4.00 48.00 52.00 NOTE
r-patched-linux-x86_64 0.4.0 3.48 31.99 35.47 NOTE
r-release-linux-x86_64 0.4.0 3.39 31.72 35.11 NOTE
r-release-macos-arm64 0.4.0 19.00 NOTE
r-release-macos-x86_64 0.4.0 24.00 NOTE
r-release-windows-x86_64 0.4.0 5.00 46.00 51.00 NOTE
r-oldrel-macos-arm64 0.4.0 17.00 NOTE
r-oldrel-windows-x86_64 0.4.0 5.00 52.00 57.00 NOTE

Check Details

Version: 0.4.0
Check: LazyData
Result: NOTE 'LazyData' is specified without a 'data' directory Flavors: r-devel-linux-x86_64-debian-clang, r-devel-linux-x86_64-debian-gcc, r-devel-linux-x86_64-fedora-clang, r-devel-linux-x86_64-fedora-gcc, r-devel-windows-x86_64, r-patched-linux-x86_64, r-release-linux-x86_64, r-release-macos-arm64, r-release-macos-x86_64, r-release-windows-x86_64, r-oldrel-macos-arm64, r-oldrel-windows-x86_64