CRAN Package Check Results for Package esreg

Last updated on 2021-11-30 19:51:22 CET.

Flavor Version Tinstall Tcheck Ttotal Status Flags
r-devel-linux-x86_64-debian-clang 0.5.0 55.56 42.74 98.30 NOTE
r-devel-linux-x86_64-debian-gcc 0.5.0 41.00 32.43 73.43 NOTE
r-devel-linux-x86_64-fedora-clang 0.5.0 155.82 NOTE
r-devel-linux-x86_64-fedora-gcc 0.5.0 133.49 NOTE
r-devel-windows-x86_64-new-UL 0.5.0 78.00 101.00 179.00 NOTE
r-devel-windows-x86_64-new-TK 0.5.0 NOTE
r-devel-windows-x86_64-old 0.5.0 74.00 57.00 131.00 NOTE
r-patched-linux-x86_64 0.5.0 52.84 39.73 92.57 NOTE
r-patched-solaris-x86 0.5.0 136.80 NOTE
r-release-linux-x86_64 0.5.0 50.13 39.86 89.99 NOTE
r-release-macos-arm64 0.5.0 NOTE
r-release-macos-x86_64 0.5.0 NOTE
r-release-windows-ix86+x86_64 0.5.0 148.00 74.00 222.00 NOTE
r-oldrel-macos-x86_64 0.5.0 OK
r-oldrel-windows-ix86+x86_64 0.5.0 110.00 96.00 206.00 OK

Check Details

Version: 0.5.0
Check: LazyData
Result: NOTE
     'LazyData' is specified without a 'data' directory
Flavors: r-devel-linux-x86_64-debian-clang, r-devel-linux-x86_64-debian-gcc, r-devel-linux-x86_64-fedora-clang, r-devel-linux-x86_64-fedora-gcc, r-devel-windows-x86_64-new-UL, r-devel-windows-x86_64-new-TK, r-devel-windows-x86_64-old, r-patched-linux-x86_64, r-patched-solaris-x86, r-release-linux-x86_64, r-release-macos-arm64, r-release-macos-x86_64, r-release-windows-ix86+x86_64