Last updated on 2023-01-27 08:52:36 CET.
Flavor | Version | Tinstall | Tcheck | Ttotal | Status | Flags |
---|---|---|---|---|---|---|
r-devel-linux-x86_64-debian-clang | 0.1.4 | 23.33 | 701.23 | 724.56 | NOTE | |
r-devel-linux-x86_64-debian-gcc | 0.1.4 | 19.78 | 504.81 | 524.59 | NOTE | |
r-devel-linux-x86_64-fedora-clang | 0.1.4 | 840.72 | NOTE | |||
r-devel-linux-x86_64-fedora-gcc | 0.1.4 | 849.23 | NOTE | |||
r-devel-windows-x86_64 | 0.1.4 | 143.00 | 790.00 | 933.00 | NOTE | |
r-patched-linux-x86_64 | 0.1.4 | 29.88 | 675.12 | 705.00 | NOTE | |
r-release-linux-x86_64 | 0.1.4 | 17.87 | 610.26 | 628.13 | NOTE | |
r-release-macos-arm64 | 0.1.4 | 178.00 | NOTE | |||
r-release-macos-x86_64 | 0.1.4 | 337.00 | NOTE | |||
r-release-windows-x86_64 | 0.1.4 | 189.00 | 757.00 | 946.00 | NOTE | |
r-oldrel-macos-arm64 | 0.1.4 | 344.00 | NOTE | |||
r-oldrel-macos-x86_64 | 0.1.4 | 322.00 | NOTE | |||
r-oldrel-windows-ix86+x86_64 | 0.1.4 | 54.00 | 813.00 | 867.00 | NOTE |
Version: 0.1.4
Check: LazyData
Result: NOTE
'LazyData' is specified without a 'data' directory
Flavors: r-devel-linux-x86_64-debian-clang, r-devel-linux-x86_64-debian-gcc, r-devel-linux-x86_64-fedora-clang, r-devel-linux-x86_64-fedora-gcc, r-devel-windows-x86_64, r-patched-linux-x86_64, r-release-linux-x86_64, r-release-macos-arm64, r-release-macos-x86_64, r-release-windows-x86_64, r-oldrel-macos-arm64, r-oldrel-macos-x86_64, r-oldrel-windows-ix86+x86_64
Version: 0.1.4
Check: installed package size
Result: NOTE
installed size is 13.7Mb
sub-directories of 1Mb or more:
doc 13.1Mb
Flavors: r-devel-linux-x86_64-fedora-clang, r-devel-windows-x86_64, r-release-macos-arm64, r-release-macos-x86_64, r-release-windows-x86_64, r-oldrel-macos-arm64, r-oldrel-macos-x86_64, r-oldrel-windows-ix86+x86_64