CRAN Package Check Results for Package errorist

Last updated on 2022-01-26 19:50:31 CET.

Flavor Version Tinstall Tcheck Ttotal Status Flags
r-devel-linux-x86_64-debian-clang 0.1.0 2.06 32.79 34.85 NOTE
r-devel-linux-x86_64-debian-gcc 0.1.0 1.61 25.79 27.40 NOTE
r-devel-linux-x86_64-fedora-clang 0.1.0 43.82 NOTE
r-devel-linux-x86_64-fedora-gcc 0.1.0 32.10 NOTE
r-devel-windows-x86_64-new-UL 0.1.0 25.00 53.00 78.00 NOTE
r-devel-windows-x86_64-new-TK 0.1.0 NOTE
r-patched-linux-x86_64 0.1.0 3.06 30.77 33.83 NOTE
r-release-linux-x86_64 0.1.0 1.84 31.08 32.92 NOTE
r-release-macos-arm64 0.1.0 NOTE
r-release-macos-x86_64 0.1.0 NOTE
r-release-windows-ix86+x86_64 0.1.0 5.00 44.00 49.00 NOTE
r-oldrel-macos-x86_64 0.1.0 OK
r-oldrel-windows-ix86+x86_64 0.1.0 6.00 42.00 48.00 OK

Check Details

Version: 0.1.0
Check: LazyData
Result: NOTE
     'LazyData' is specified without a 'data' directory
Flavors: r-devel-linux-x86_64-debian-clang, r-devel-linux-x86_64-debian-gcc, r-devel-linux-x86_64-fedora-clang, r-devel-linux-x86_64-fedora-gcc, r-devel-windows-x86_64-new-UL, r-devel-windows-x86_64-new-TK, r-patched-linux-x86_64, r-release-linux-x86_64, r-release-macos-arm64, r-release-macos-x86_64, r-release-windows-ix86+x86_64