CRAN Package Check Results for Package erah

Last updated on 2024-02-29 19:12:19 CET.

Flavor Version Tinstall Tcheck Ttotal Status Flags
r-devel-linux-x86_64-debian-clang 2.0.1 17.68 199.78 217.46 OK
r-devel-linux-x86_64-debian-gcc 2.0.1 16.85 146.85 163.70 OK
r-devel-linux-x86_64-fedora-clang 2.0.1 197.51 NOTE
r-devel-linux-x86_64-fedora-gcc 2.0.1 211.68 NOTE
r-devel-windows-x86_64 2.0.1 20.00 164.00 184.00 OK
r-patched-linux-x86_64 2.0.1 20.74 190.45 211.19 OK
r-release-linux-x86_64 2.0.1 21.63 191.26 212.89 OK
r-release-macos-arm64 2.0.1 71.00 NOTE
r-release-macos-x86_64 2.0.1 112.00 NOTE
r-release-windows-x86_64 2.0.1 29.00 197.00 226.00 OK
r-oldrel-macos-arm64 2.0.1 67.00 NOTE
r-oldrel-windows-x86_64 2.0.1 28.00 192.00 220.00 OK

Check Details

Version: 2.0.1
Check: package dependencies
Result: NOTE Package suggested but not available for checking: ‘gcspikelite’ Flavors: r-devel-linux-x86_64-fedora-clang, r-devel-linux-x86_64-fedora-gcc, r-oldrel-macos-arm64

Version: 2.0.1
Check: package dependencies
Result: NOTE Packages suggested but not available for checking: 'mzR', 'gcspikelite' Flavors: r-release-macos-arm64, r-release-macos-x86_64