Last updated on 2022-05-17 21:50:45 CEST.
Flavor | Version | Tinstall | Tcheck | Ttotal | Status | Flags |
---|---|---|---|---|---|---|
r-devel-linux-x86_64-debian-clang | 1.1.2 | 13.88 | 124.20 | 138.08 | OK | |
r-devel-linux-x86_64-debian-gcc | 1.1.2 | 12.24 | 94.56 | 106.80 | OK | |
r-devel-linux-x86_64-fedora-clang | 1.1.2 | 180.15 | OK | |||
r-devel-linux-x86_64-fedora-gcc | 1.1.2 | 174.39 | OK | |||
r-devel-windows-x86_64 | 1.1.2 | 35.00 | 140.00 | 175.00 | OK | |
r-patched-linux-x86_64 | 1.1.2 | 15.53 | 118.02 | 133.55 | OK | |
r-release-linux-x86_64 | 1.1.2 | 14.68 | 118.42 | 133.10 | OK | |
r-release-macos-arm64 | 1.1.2 | 65.00 | NOTE | |||
r-release-macos-x86_64 | 1.1.2 | 68.00 | OK | |||
r-release-windows-x86_64 | 1.1.2 | 35.00 | 143.00 | 178.00 | OK | |
r-oldrel-macos-arm64 | 1.1.2 | 54.00 | NOTE | |||
r-oldrel-macos-x86_64 | 1.1.2 | 76.00 | OK | |||
r-oldrel-windows-ix86+x86_64 | 1.1.2 | 39.00 | 160.00 | 199.00 | OK |
Version: 1.1.2
Check: package dependencies
Result: NOTE
Package suggested but not available for checking: ‘mzR’
Flavors: r-release-macos-arm64, r-oldrel-macos-arm64