CRAN Package Check Results for Package equivalenceTest

Last updated on 2024-02-26 19:50:07 CET.

Flavor Version Tinstall Tcheck Ttotal Status Flags
r-devel-linux-x86_64-debian-clang 0.0.1.1 1.62 26.91 28.53 NOTE
r-devel-linux-x86_64-debian-gcc 0.0.1.1 1.55 21.00 22.55 NOTE
r-devel-linux-x86_64-fedora-clang 0.0.1.1 37.19 NOTE
r-devel-linux-x86_64-fedora-gcc 0.0.1.1 36.83 NOTE
r-devel-windows-x86_64 0.0.1.1 3.00 43.00 46.00 NOTE
r-patched-linux-x86_64 0.0.1.1 3.08 26.76 29.84 NOTE
r-release-linux-x86_64 0.0.1.1 2.21 26.81 29.02 NOTE
r-release-macos-arm64 0.0.1.1 20.00 NOTE
r-release-macos-x86_64 0.0.1.1 22.00 NOTE
r-release-windows-x86_64 0.0.1.1 4.00 43.00 47.00 NOTE
r-oldrel-macos-arm64 0.0.1.1 19.00 NOTE
r-oldrel-windows-x86_64 0.0.1.1 4.00 45.00 49.00 NOTE

Check Details

Version: 0.0.1.1
Check: LazyData
Result: NOTE 'LazyData' is specified without a 'data' directory Flavors: r-devel-linux-x86_64-debian-clang, r-devel-linux-x86_64-debian-gcc, r-devel-linux-x86_64-fedora-clang, r-devel-linux-x86_64-fedora-gcc, r-devel-windows-x86_64, r-patched-linux-x86_64, r-release-linux-x86_64, r-release-macos-arm64, r-release-macos-x86_64, r-release-windows-x86_64, r-oldrel-macos-arm64, r-oldrel-windows-x86_64

Version: 0.0.1.1
Check: dependencies in R code
Result: NOTE Namespaces in Imports field not imported from: ‘cubature’ ‘rootSolve’ All declared Imports should be used. Flavors: r-devel-linux-x86_64-fedora-clang, r-devel-linux-x86_64-fedora-gcc