CRAN Package Check Results for Package equate

Last updated on 2021-09-22 08:50:06 CEST.

Flavor Version Tinstall Tcheck Ttotal Status Flags
r-devel-linux-x86_64-debian-clang 2.0.7 6.84 100.36 107.20 NOTE
r-devel-linux-x86_64-debian-gcc 2.0.7 5.07 71.43 76.50 NOTE
r-devel-linux-x86_64-fedora-clang 2.0.7 129.16 NOTE
r-devel-linux-x86_64-fedora-gcc 2.0.7 120.90 NOTE
r-devel-windows-x86_64 2.0.7 9.00 87.00 96.00 NOTE
r-devel-windows-x86_64-gcc10-UCRT 2.0.7 ERROR
r-patched-linux-x86_64 2.0.7 5.93 94.61 100.54 NOTE
r-patched-solaris-x86 2.0.7 159.90 NOTE
r-release-linux-x86_64 2.0.7 5.62 93.40 99.02 NOTE
r-release-macos-arm64 2.0.7 NOTE
r-release-macos-x86_64 2.0.7 NOTE
r-release-windows-ix86+x86_64 2.0.7 11.00 92.00 103.00 NOTE
r-oldrel-macos-x86_64 2.0.7 NOTE
r-oldrel-windows-ix86+x86_64 2.0.7 10.00 85.00 95.00 NOTE

Check Details

Version: 2.0.7
Check: files in ‘vignettes’
Result: NOTE
    The following files contain a license that requires
    distribution of original sources:
     'upgreek.sty'
    Please ensure that you have complied with it.
Flavors: r-devel-linux-x86_64-debian-clang, r-devel-linux-x86_64-debian-gcc, r-devel-linux-x86_64-fedora-clang, r-devel-linux-x86_64-fedora-gcc, r-devel-windows-x86_64, r-devel-windows-x86_64-gcc10-UCRT, r-patched-linux-x86_64, r-patched-solaris-x86, r-release-linux-x86_64, r-release-macos-arm64, r-release-macos-x86_64, r-release-windows-ix86+x86_64, r-oldrel-macos-x86_64, r-oldrel-windows-ix86+x86_64

Version: 2.0.7
Check: PDF version of manual
Result: WARN
    LaTeX errors when creating PDF version.
    This typically indicates Rd problems.
Flavor: r-devel-windows-x86_64-gcc10-UCRT

Version: 2.0.7
Check: PDF version of manual without hyperrefs or index
Result: ERROR
    Re-running with no redirection of stdout/stderr.
Flavor: r-devel-windows-x86_64-gcc10-UCRT