CRAN Package Check Results for Package epocakir

Last updated on 2021-09-22 08:50:06 CEST.

Flavor Version Tinstall Tcheck Ttotal Status Flags
r-devel-linux-x86_64-debian-clang 0.9.7 4.69 65.16 69.85 OK
r-devel-linux-x86_64-debian-gcc 0.9.7 3.41 48.61 52.02 OK
r-devel-linux-x86_64-fedora-clang 0.9.7 88.35 NOTE
r-devel-linux-x86_64-fedora-gcc 0.9.7 79.98 NOTE
r-devel-windows-x86_64 0.9.7 6.00 66.00 72.00 OK
r-devel-windows-x86_64-gcc10-UCRT 0.9.7 ERROR
r-patched-linux-x86_64 0.9.7 3.89 60.85 64.74 OK
r-patched-solaris-x86 0.9.7 107.40 NOTE
r-release-linux-x86_64 0.9.7 3.94 60.92 64.86 OK
r-release-macos-arm64 0.9.7 NOTE
r-release-macos-x86_64 0.9.7 NOTE
r-release-windows-ix86+x86_64 0.9.7 8.00 65.00 73.00 OK
r-oldrel-macos-x86_64 0.9.7 NOTE
r-oldrel-windows-ix86+x86_64 0.9.7 7.00 61.00 68.00 OK

Check Details

Version: 0.9.7
Check: dependencies in R code
Result: NOTE
    Namespaces in Imports field not imported from:
     ‘tidyselect’ ‘vctrs’
     All declared Imports should be used.
Flavors: r-devel-linux-x86_64-fedora-clang, r-devel-linux-x86_64-fedora-gcc, r-patched-solaris-x86, r-release-macos-arm64, r-release-macos-x86_64, r-oldrel-macos-x86_64

Version: 0.9.7
Check: package dependencies
Result: ERROR
    Package required but not available: 'units'
    
    See section 'The DESCRIPTION file' in the 'Writing R Extensions'
    manual.
Flavor: r-devel-windows-x86_64-gcc10-UCRT