CRAN Package Check Results for Package episplineDensity

Last updated on 2020-07-14 09:50:27 CEST.

Flavor Version Tinstall Tcheck Ttotal Status Flags
r-devel-linux-x86_64-debian-clang 0.0-1 4.40 26.68 31.08 NOTE
r-devel-linux-x86_64-debian-gcc 0.0-1 2.91 20.97 23.88 NOTE
r-devel-linux-x86_64-fedora-clang 0.0-1 46.16 NOTE
r-devel-linux-x86_64-fedora-gcc 0.0-1 38.39 NOTE
r-devel-windows-ix86+x86_64 0.0-1 9.00 54.00 63.00 NOTE
r-patched-linux-x86_64 0.0-1 3.39 26.64 30.03 NOTE
r-patched-solaris-x86 0.0-1 57.90 NOTE
r-release-linux-x86_64 0.0-1 4.28 27.03 31.31 NOTE
r-release-macos-x86_64 0.0-1 ERROR
r-release-windows-ix86+x86_64 0.0-1 9.00 37.00 46.00 NOTE
r-oldrel-macos-x86_64 0.0-1 NOTE
r-oldrel-windows-ix86+x86_64 0.0-1 32.00 52.00 84.00 NOTE

Check Details

Version: 0.0-1
Check: R code for possible problems
Result: NOTE
    plot.episplineDensity: no visible global function definition for
     'points'
    postproc: no visible global function definition for 'points'
    preprocess.data: no visible global function definition for 'sd'
    Undefined global functions or variables:
     points sd
    Consider adding
     importFrom("graphics", "points")
     importFrom("stats", "sd")
    to your NAMESPACE file.
Flavors: r-devel-linux-x86_64-debian-clang, r-devel-linux-x86_64-debian-gcc, r-devel-linux-x86_64-fedora-clang, r-devel-linux-x86_64-fedora-gcc, r-devel-windows-ix86+x86_64, r-patched-linux-x86_64, r-patched-solaris-x86, r-release-linux-x86_64, r-release-windows-ix86+x86_64

Version: 0.0-1
Check: whether package can be installed
Result: ERROR
    Installation failed.
Flavor: r-release-macos-x86_64

Version: 0.0-1
Check: R code for possible problems
Result: NOTE
    plot.episplineDensity: no visible global function definition for ‘plot’
    plot.episplineDensity: no visible global function definition for
     ‘points’
    postproc: no visible global function definition for ‘plot’
    postproc: no visible global function definition for ‘points’
    preprocess.data: no visible global function definition for ‘sd’
    Undefined global functions or variables:
     plot points sd
    Consider adding
     importFrom("graphics", "plot", "points")
     importFrom("stats", "sd")
    to your NAMESPACE file.
Flavors: r-oldrel-macos-x86_64, r-oldrel-windows-ix86+x86_64