CRAN Package Check Results for Package epe4md

Last updated on 2024-03-03 08:52:32 CET.

Flavor Version Tinstall Tcheck Ttotal Status Flags
r-devel-linux-x86_64-debian-clang 0.1.4 11.04 121.52 132.56 OK
r-devel-linux-x86_64-debian-gcc 0.1.4 8.27 93.47 101.74 OK
r-devel-linux-x86_64-fedora-clang 0.1.4 167.13 NOTE
r-devel-linux-x86_64-fedora-gcc 0.1.4 149.05 OK
r-devel-windows-x86_64 0.1.4 11.00 142.00 153.00 OK
r-patched-linux-x86_64 0.1.4 6.53 116.22 122.75 OK
r-release-linux-x86_64 0.1.4 7.49 118.21 125.70 OK
r-release-macos-arm64 0.1.4 58.00 OK
r-release-macos-x86_64 0.1.4 159.00 OK
r-release-windows-x86_64 0.1.4 15.00 176.00 191.00 OK
r-oldrel-macos-arm64 0.1.4 70.00 OK
r-oldrel-windows-x86_64 0.1.4 13.00 170.00 183.00 OK

Check Details

Version: 0.1.4
Check: package dependencies
Result: NOTE Imports includes 21 non-default packages. Importing from so many packages makes the package vulnerable to any of them becoming unavailable. Move as many as possible to Suggests and use conditionally. Flavor: r-devel-linux-x86_64-fedora-clang