CRAN Package Check Results for Package epca

Last updated on 2020-09-23 13:04:50 CEST.

Flavor Version Tinstall Tcheck Ttotal Status Flags
r-devel-linux-x86_64-debian-clang 1.0.0 3.24 50.71 53.95 OK
r-devel-linux-x86_64-debian-gcc 1.0.0 2.64 34.10 36.74 OK
r-devel-linux-x86_64-fedora-clang 1.0.0 64.53 NOTE
r-devel-linux-x86_64-fedora-gcc 1.0.0 58.43 NOTE
r-devel-windows-ix86+x86_64 1.0.0 8.00 67.00 75.00 OK
r-patched-linux-x86_64 1.0.0 2.90 41.84 44.74 OK
r-patched-solaris-x86 1.0.0 80.60 NOTE
r-release-linux-x86_64 1.0.0 3.07 53.75 56.82 OK
r-release-macos-x86_64 1.0.0 NOTE
r-release-windows-ix86+x86_64 1.0.0 8.00 72.00 80.00 OK
r-oldrel-macos-x86_64 1.0.0 NOTE
r-oldrel-windows-ix86+x86_64 1.0.0 5.00 67.00 72.00 OK

Check Details

Version: 1.0.0
Check: dependencies in R code
Result: NOTE
    Namespaces in Imports field not imported from:
     ‘RSpectra’ ‘tidyverse’
     All declared Imports should be used.
Flavors: r-devel-linux-x86_64-fedora-clang, r-devel-linux-x86_64-fedora-gcc, r-patched-solaris-x86, r-release-macos-x86_64, r-oldrel-macos-x86_64