CRAN Package Check Results for Package eoffice

Last updated on 2019-12-07 08:49:25 CET.

Flavor Version Tinstall Tcheck Ttotal Status Flags
r-devel-linux-x86_64-debian-clang 0.1.8 7.92 89.36 97.28 OK
r-devel-linux-x86_64-debian-gcc 0.1.8 5.97 72.88 78.85 OK
r-devel-linux-x86_64-fedora-clang 0.1.8 106.00 NOTE
r-devel-linux-x86_64-fedora-gcc 0.1.8 101.40 NOTE
r-devel-windows-ix86+x86_64 0.1.8 23.00 147.00 170.00 OK
r-devel-windows-ix86+x86_64-gcc8 0.1.8 24.00 99.00 123.00 OK
r-patched-linux-x86_64 0.1.8 6.85 79.78 86.63 OK
r-patched-solaris-x86 0.1.8 146.70 NOTE
r-release-linux-x86_64 0.1.8 7.09 82.69 89.78 OK
r-release-windows-ix86+x86_64 0.1.8 22.00 98.00 120.00 OK
r-release-osx-x86_64 0.1.8 NOTE
r-oldrel-windows-ix86+x86_64 0.1.8 14.00 95.00 109.00 OK
r-oldrel-osx-x86_64 0.1.8 NOTE

Check Details

Version: 0.1.8
Check: dependencies in R code
Result: NOTE
    Namespace in Imports field not imported from: ‘tibble’
     All declared Imports should be used.
Flavors: r-devel-linux-x86_64-fedora-clang, r-devel-linux-x86_64-fedora-gcc, r-patched-solaris-x86, r-release-osx-x86_64, r-oldrel-osx-x86_64