CRAN Package Check Results for Package eoffice

Last updated on 2019-08-17 11:47:23 CEST.

Flavor Version Tinstall Tcheck Ttotal Status Flags
r-devel-linux-x86_64-debian-clang 0.1.7 7.89 84.04 91.93 OK
r-devel-linux-x86_64-debian-gcc 0.1.7 6.17 65.99 72.16 OK
r-devel-linux-x86_64-fedora-clang 0.1.7 102.19 NOTE
r-devel-linux-x86_64-fedora-gcc 0.1.7 93.87 NOTE
r-devel-windows-ix86+x86_64 0.1.7 31.00 145.00 176.00 OK
r-patched-linux-x86_64 0.1.7 6.17 78.59 84.76 OK
r-patched-solaris-x86 0.1.7 154.60 NOTE
r-release-linux-x86_64 0.1.7 7.31 79.74 87.05 OK
r-release-windows-ix86+x86_64 0.1.7 39.00 153.00 192.00 OK
r-release-osx-x86_64 0.1.7 NOTE
r-oldrel-windows-ix86+x86_64 0.1.7 19.00 131.00 150.00 OK
r-oldrel-osx-x86_64 0.1.7 NOTE

Check Details

Version: 0.1.7
Check: dependencies in R code
Result: NOTE
    Namespace in Imports field not imported from: ‘tibble’
     All declared Imports should be used.
Flavors: r-devel-linux-x86_64-fedora-clang, r-devel-linux-x86_64-fedora-gcc, r-patched-solaris-x86, r-release-osx-x86_64, r-oldrel-osx-x86_64