CRAN Package Check Results for Package envoutliers

Last updated on 2021-10-24 20:51:01 CEST.

Flavor Version Tinstall Tcheck Ttotal Status Flags
r-devel-linux-x86_64-debian-clang 1.1.0 14.62 100.57 115.19 NOTE
r-devel-linux-x86_64-debian-gcc 1.1.0 9.88 75.63 85.51 NOTE
r-devel-linux-x86_64-fedora-clang 1.1.0 143.77 NOTE
r-devel-linux-x86_64-fedora-gcc 1.1.0 133.24 NOTE
r-devel-windows-x86_64 1.1.0 20.00 134.00 154.00 NOTE
r-devel-windows-x86_64-gcc10-UCRT 1.1.0 NOTE
r-patched-linux-x86_64 1.1.0 14.16 96.41 110.57 NOTE
r-patched-solaris-x86 1.1.0 194.00 NOTE
r-release-linux-x86_64 1.1.0 13.56 96.14 109.70 NOTE
r-release-macos-arm64 1.1.0 NOTE
r-release-macos-x86_64 1.1.0 NOTE
r-release-windows-ix86+x86_64 1.1.0 19.00 126.00 145.00 NOTE
r-oldrel-macos-x86_64 1.1.0 OK
r-oldrel-windows-ix86+x86_64 1.1.0 30.00 129.00 159.00 OK

Check Details

Version: 1.1.0
Check: LazyData
Result: NOTE
     'LazyData' is specified without a 'data' directory
Flavors: r-devel-linux-x86_64-debian-clang, r-devel-linux-x86_64-debian-gcc, r-devel-linux-x86_64-fedora-clang, r-devel-linux-x86_64-fedora-gcc, r-devel-windows-x86_64, r-devel-windows-x86_64-gcc10-UCRT, r-patched-linux-x86_64, r-patched-solaris-x86, r-release-linux-x86_64, r-release-macos-arm64, r-release-macos-x86_64, r-release-windows-ix86+x86_64