CRAN Package Check Results for Package entropart

Last updated on 2022-01-24 07:49:47 CET.

Flavor Version Tinstall Tcheck Ttotal Status Flags
r-devel-linux-x86_64-debian-clang 1.6-8 13.06 182.74 195.80 OK
r-devel-linux-x86_64-debian-gcc 1.6-8 8.87 138.56 147.43 OK
r-devel-linux-x86_64-fedora-clang 1.6-8 242.67 NOTE
r-devel-linux-x86_64-fedora-gcc 1.6-8 225.71 NOTE
r-devel-windows-x86_64-new-UL 1.6-8 88.00 251.00 339.00 OK
r-devel-windows-x86_64-new-TK 1.6-8 ERROR
r-patched-linux-x86_64 1.6-8 23.24 180.07 203.31 OK
r-release-linux-x86_64 1.6-8 10.64 179.94 190.58 OK
r-release-macos-arm64 1.6-8 NOTE
r-release-macos-x86_64 1.6-8 NOTE
r-release-windows-ix86+x86_64 1.6-8 16.00 214.00 230.00 OK
r-oldrel-macos-x86_64 1.6-8 NOTE
r-oldrel-windows-ix86+x86_64 1.6-8 26.00 214.00 240.00 OK

Check Details

Version: 1.6-8
Check: dependencies in R code
Result: NOTE
    Namespaces in Imports field not imported from:
     ‘SPECIES’ ‘ade4’
     All declared Imports should be used.
Flavors: r-devel-linux-x86_64-fedora-clang, r-devel-linux-x86_64-fedora-gcc, r-release-macos-arm64, r-release-macos-x86_64, r-oldrel-macos-x86_64

Version: 1.6-8
Check: package dependencies
Result: ERROR
    Package required but not available: 'ggpubr'
    
    See section 'The DESCRIPTION file' in the 'Writing R Extensions'
    manual.
Flavor: r-devel-windows-x86_64-new-TK