CRAN Package Check Results for Package entcn

Last updated on 2020-09-24 20:46:48 CEST.

Flavor Version Tinstall Tcheck Ttotal Status Flags
r-devel-linux-x86_64-debian-clang 0.1.0 1.87 18.56 20.43 OK
r-devel-linux-x86_64-debian-gcc 0.1.0 1.27 14.97 16.24 OK
r-devel-linux-x86_64-fedora-clang 0.1.0 34.07 NOTE
r-devel-linux-x86_64-fedora-gcc 0.1.0 24.08 NOTE
r-devel-windows-ix86+x86_64 0.1.0 4.00 37.00 41.00 OK
r-patched-linux-x86_64 0.1.0 1.91 17.79 19.70 OK
r-patched-solaris-x86 0.1.0 39.20 NOTE
r-release-linux-x86_64 0.1.0 1.60 18.07 19.67 OK
r-release-macos-x86_64 0.1.0 NOTE
r-release-windows-ix86+x86_64 0.1.0 4.00 38.00 42.00 OK
r-oldrel-macos-x86_64 0.1.0 NOTE
r-oldrel-windows-ix86+x86_64 0.1.0 2.00 34.00 36.00 OK

Check Details

Version: 0.1.0
Check: dependencies in R code
Result: NOTE
    Namespaces in Imports field not imported from:
     ‘RCurl’ ‘bitops’ ‘rjson’
     All declared Imports should be used.
Flavors: r-devel-linux-x86_64-fedora-clang, r-devel-linux-x86_64-fedora-gcc, r-patched-solaris-x86, r-release-macos-x86_64, r-oldrel-macos-x86_64