CRAN Package Check Results for Package enetLTS

Last updated on 2021-09-22 08:50:06 CEST.

Flavor Version Tinstall Tcheck Ttotal Status Flags
r-devel-linux-x86_64-debian-clang 0.1.0 10.40 169.50 179.90 OK
r-devel-linux-x86_64-debian-gcc 0.1.0 9.91 124.12 134.03 OK
r-devel-linux-x86_64-fedora-clang 0.1.0 211.76 OK
r-devel-linux-x86_64-fedora-gcc 0.1.0 205.48 OK
r-devel-windows-x86_64 0.1.0 14.00 131.00 145.00 OK
r-devel-windows-x86_64-gcc10-UCRT 0.1.0 ERROR
r-patched-linux-x86_64 0.1.0 11.05 158.61 169.66 OK
r-patched-solaris-x86 0.1.0 270.30 OK
r-release-linux-x86_64 0.1.0 10.81 159.70 170.51 OK
r-release-macos-arm64 0.1.0 OK
r-release-macos-x86_64 0.1.0 OK
r-release-windows-ix86+x86_64 0.1.0 26.00 135.00 161.00 OK
r-oldrel-macos-x86_64 0.1.0 OK
r-oldrel-windows-ix86+x86_64 0.1.0 19.00 140.00 159.00 OK

Check Details

Version: 0.1.0
Check: PDF version of manual
Result: WARN
    LaTeX errors when creating PDF version.
    This typically indicates Rd problems.
Flavor: r-devel-windows-x86_64-gcc10-UCRT

Version: 0.1.0
Check: PDF version of manual without hyperrefs or index
Result: ERROR
    Re-running with no redirection of stdout/stderr.
Flavor: r-devel-windows-x86_64-gcc10-UCRT