CRAN Package Check Results for Package emplik

Last updated on 2024-02-23 19:48:45 CET.

Flavor Version Tinstall Tcheck Ttotal Status Flags
r-devel-linux-x86_64-debian-clang 1.3-1 NOTE
r-devel-linux-x86_64-debian-gcc 1.3-1 12.09 91.31 103.40 NOTE
r-devel-linux-x86_64-fedora-clang 1.3-1 162.45 OK
r-devel-linux-x86_64-fedora-gcc 1.3-1 161.71 OK
r-devel-windows-x86_64 1.3-1 14.00 111.00 125.00 OK
r-patched-linux-x86_64 1.3-1 15.92 119.14 135.06 OK
r-release-linux-x86_64 1.3-1 12.23 120.93 133.16 OK
r-release-macos-arm64 1.3-1 57.00 OK
r-release-macos-x86_64 1.3-1 107.00 OK
r-release-windows-x86_64 1.3-1 17.00 140.00 157.00 OK
r-oldrel-macos-arm64 1.3-1 50.00 OK
r-oldrel-windows-x86_64 1.3-1 18.00 140.00 158.00 OK

Check Details

Version: 1.3-1
Check: Rd files
Result: NOTE checkRd: (-1) WRegTest.Rd:43: Lost braces 43 | For ordinary least squares estimator, \code{psifun} should be the identity function psifun <- function(t){t}. | ^ Flavors: r-devel-linux-x86_64-debian-clang, r-devel-linux-x86_64-debian-gcc