CRAN Package Check Results for Package emojifont

Last updated on 2021-10-17 12:52:41 CEST.

Flavor Version Tinstall Tcheck Ttotal Status Flags
r-devel-linux-x86_64-debian-clang 0.5.5 4.96 53.32 58.28 OK
r-devel-linux-x86_64-debian-gcc 0.5.5 3.81 40.55 44.36 OK
r-devel-linux-x86_64-fedora-clang 0.5.5 79.00 NOTE
r-devel-linux-x86_64-fedora-gcc 0.5.5 64.94 OK
r-devel-windows-x86_64 0.5.5 11.00 77.00 88.00 NOTE
r-devel-windows-x86_64-gcc10-UCRT 0.5.5 OK
r-patched-linux-x86_64 0.5.5 4.98 50.12 55.10 OK
r-patched-solaris-x86 0.5.5 97.40 NOTE
r-release-linux-x86_64 0.5.5 5.25 48.67 53.92 OK
r-release-macos-arm64 0.5.5 NOTE
r-release-macos-x86_64 0.5.5 NOTE
r-release-windows-ix86+x86_64 0.5.5 15.00 74.00 89.00 NOTE
r-oldrel-macos-x86_64 0.5.5 NOTE
r-oldrel-windows-ix86+x86_64 0.5.5 20.00 74.00 94.00 NOTE

Check Details

Version: 0.5.5
Check: installed package size
Result: NOTE
     installed size is 7.0Mb
     sub-directories of 1Mb or more:
     emoji_fonts 6.5Mb
Flavors: r-devel-linux-x86_64-fedora-clang, r-devel-windows-x86_64, r-patched-solaris-x86, r-release-macos-arm64, r-release-macos-x86_64, r-release-windows-ix86+x86_64, r-oldrel-macos-x86_64, r-oldrel-windows-ix86+x86_64