CRAN Package Check Results for Package emhawkes

Last updated on 2021-12-04 07:50:19 CET.

Flavor Version Tinstall Tcheck Ttotal Status Flags
r-devel-linux-x86_64-debian-clang 0.9.5 4.63 282.96 287.59 NOTE
r-devel-linux-x86_64-debian-gcc 0.9.5 4.63 192.21 196.84 NOTE
r-devel-linux-x86_64-fedora-clang 0.9.5 332.34 NOTE
r-devel-linux-x86_64-fedora-gcc 0.9.5 321.87 NOTE
r-devel-windows-x86_64-new-UL 0.9.5 13.00 268.00 281.00 NOTE
r-devel-windows-x86_64-new-TK 0.9.5 NOTE
r-devel-windows-x86_64-old 0.9.5 9.00 229.00 238.00 NOTE
r-patched-linux-x86_64 0.9.5 4.78 259.57 264.35 NOTE
r-release-linux-x86_64 0.9.5 5.50 263.12 268.62 NOTE
r-release-macos-arm64 0.9.5 NOTE
r-release-macos-x86_64 0.9.5 NOTE
r-release-windows-ix86+x86_64 0.9.5 12.00 311.00 323.00 NOTE
r-oldrel-macos-x86_64 0.9.5 OK
r-oldrel-windows-ix86+x86_64 0.9.5 11.00 315.00 326.00 OK

Check Details

Version: 0.9.5
Check: LazyData
Result: NOTE
     'LazyData' is specified without a 'data' directory
Flavors: r-devel-linux-x86_64-debian-clang, r-devel-linux-x86_64-debian-gcc, r-devel-linux-x86_64-fedora-clang, r-devel-linux-x86_64-fedora-gcc, r-devel-windows-x86_64-new-UL, r-devel-windows-x86_64-new-TK, r-devel-windows-x86_64-old, r-patched-linux-x86_64, r-release-linux-x86_64, r-release-macos-arm64, r-release-macos-x86_64, r-release-windows-ix86+x86_64