CRAN Package Check Results for Package emdist

Last updated on 2021-10-26 08:10:00 CEST.

Flavor Version Tinstall Tcheck Ttotal Status Flags
r-devel-linux-x86_64-debian-clang 0.3-1 2.90 18.59 21.49 NOTE
r-devel-linux-x86_64-debian-gcc 0.3-1 2.26 14.46 16.72 NOTE
r-devel-linux-x86_64-fedora-clang 0.3-1 37.23 NOTE
r-devel-linux-x86_64-fedora-gcc 0.3-1 27.09 NOTE
r-devel-windows-x86_64 0.3-1 6.00 33.00 39.00 OK
r-devel-windows-x86_64-gcc10-UCRT 0.3-1 NOTE
r-patched-linux-x86_64 0.3-1 2.42 18.03 20.45 NOTE
r-patched-solaris-x86 0.3-1 41.40 NOTE
r-release-linux-x86_64 0.3-1 2.84 18.22 21.06 NOTE
r-release-macos-arm64 0.3-1 NOTE
r-release-macos-x86_64 0.3-1 NOTE
r-release-windows-ix86+x86_64 0.3-1 9.00 29.00 38.00 OK
r-oldrel-macos-x86_64 0.3-1 NOTE
r-oldrel-windows-ix86+x86_64 0.3-1 8.00 30.00 38.00 OK

Additional issues

rchk

Check Details

Version: 0.3-1
Check: DESCRIPTION meta-information
Result: NOTE
    License components which are templates and need '+ file LICENSE':
     MIT
Flavors: r-devel-linux-x86_64-debian-clang, r-devel-linux-x86_64-debian-gcc, r-devel-linux-x86_64-fedora-clang, r-devel-linux-x86_64-fedora-gcc, r-devel-windows-x86_64-gcc10-UCRT, r-patched-linux-x86_64, r-patched-solaris-x86, r-release-linux-x86_64, r-release-macos-arm64, r-release-macos-x86_64, r-oldrel-macos-x86_64

Version: 0.3-1
Check: compiled code
Result: NOTE
    File ‘emdist/libs/emdist.so’:
     Found no calls to: ‘R_registerRoutines’, ‘R_useDynamicSymbols’
    
    It is good practice to register native routines and to disable symbol
    search.
    
    See ‘Writing portable packages’ in the ‘Writing R Extensions’ manual.
Flavors: r-devel-linux-x86_64-fedora-clang, r-devel-linux-x86_64-fedora-gcc