Last updated on 2023-01-27 08:52:36 CET.
Flavor | Version | Tinstall | Tcheck | Ttotal | Status | Flags |
---|---|---|---|---|---|---|
r-devel-linux-x86_64-debian-clang | 0.1.8 | 9.87 | 95.53 | 105.40 | NOTE | |
r-devel-linux-x86_64-debian-gcc | 0.1.8 | 6.85 | 70.32 | 77.17 | NOTE | |
r-devel-linux-x86_64-fedora-clang | 0.1.8 | 125.82 | NOTE | |||
r-devel-linux-x86_64-fedora-gcc | 0.1.8 | 134.06 | NOTE | |||
r-devel-windows-x86_64 | 0.1.8 | 14.00 | 133.00 | 147.00 | NOTE | |
r-patched-linux-x86_64 | 0.1.8 | 10.59 | 88.18 | 98.77 | NOTE | |
r-release-linux-x86_64 | 0.1.8 | 9.17 | 88.39 | 97.56 | NOTE | |
r-release-macos-arm64 | 0.1.8 | 44.00 | NOTE | |||
r-release-macos-x86_64 | 0.1.8 | 89.00 | NOTE | |||
r-release-windows-x86_64 | 0.1.8 | 61.00 | 129.00 | 190.00 | NOTE | |
r-oldrel-macos-arm64 | 0.1.8 | 50.00 | NOTE | |||
r-oldrel-macos-x86_64 | 0.1.8 | 78.00 | NOTE | |||
r-oldrel-windows-ix86+x86_64 | 0.1.8 | 20.00 | 120.00 | 140.00 | NOTE |
Version: 0.1.8
Check: LazyData
Result: NOTE
'LazyData' is specified without a 'data' directory
Flavors: r-devel-linux-x86_64-debian-clang, r-devel-linux-x86_64-debian-gcc, r-devel-linux-x86_64-fedora-clang, r-devel-linux-x86_64-fedora-gcc, r-devel-windows-x86_64, r-patched-linux-x86_64, r-release-linux-x86_64, r-release-macos-arm64, r-release-macos-x86_64, r-release-windows-x86_64, r-oldrel-macos-arm64, r-oldrel-macos-x86_64, r-oldrel-windows-ix86+x86_64