CRAN Package Check Results for Package elastic

Last updated on 2023-03-31 08:53:58 CEST.

Flavor Version Tinstall Tcheck Ttotal Status Flags
r-devel-linux-x86_64-debian-clang 1.2.0 6.19 51.91 58.10 OK
r-devel-linux-x86_64-debian-gcc 1.2.0 6.37 38.68 45.05 OK
r-devel-linux-x86_64-fedora-clang 1.2.0 73.49 OK
r-devel-linux-x86_64-fedora-gcc 1.2.0 74.84 OK
r-devel-windows-x86_64 1.2.0 71.00 0.00 71.00 OK
r-patched-linux-x86_64 1.2.0 9.33 50.14 59.47 OK
r-release-linux-x86_64 1.2.0 7.42 46.26 53.68 OK
r-release-macos-arm64 1.2.0 24.00 OK
r-release-macos-x86_64 1.2.0 33.00 OK
r-release-windows-x86_64 1.2.0 78.00 81.00 159.00 OK
r-oldrel-macos-arm64 1.2.0 33.00 OK
r-oldrel-macos-x86_64 1.2.0 42.00 OK
r-oldrel-windows-ix86+x86_64 1.2.0 15.00 69.00 84.00 NOTE

Check Details

Version: 1.2.0
Check: R code for possible problems
Result: NOTE
    Initiating curl with CURL_SSL_BACKEND: openssl
Flavor: r-oldrel-windows-ix86+x86_64