CRAN Package Check Results for Package elaborator

Last updated on 2023-02-07 21:54:14 CET.

Flavor Version Tinstall Tcheck Ttotal Status Flags
r-devel-linux-x86_64-debian-clang 1.1 16.06 91.55 107.61 NOTE
r-devel-linux-x86_64-debian-gcc 1.1 12.29 66.85 79.14 NOTE
r-devel-linux-x86_64-fedora-clang 1.1 131.34 NOTE
r-devel-linux-x86_64-fedora-gcc 1.1 123.72 NOTE
r-devel-windows-x86_64 1.1 51.00 108.00 159.00 NOTE
r-patched-linux-x86_64 1.1 13.00 88.31 101.31 NOTE
r-release-linux-x86_64 1.1 10.75 89.22 99.97 NOTE
r-release-macos-arm64 1.1 31.00 NOTE
r-release-macos-x86_64 1.1 58.00 NOTE
r-release-windows-x86_64 1.1 51.00 129.00 180.00 NOTE
r-oldrel-macos-arm64 1.1 44.00 NOTE
r-oldrel-macos-x86_64 1.1 70.00 NOTE
r-oldrel-windows-ix86+x86_64 1.1 35.00 110.00 145.00 NOTE

Check Details

Version: 1.1
Check: LazyData
Result: NOTE
     'LazyData' is specified without a 'data' directory
Flavors: r-devel-linux-x86_64-debian-clang, r-devel-linux-x86_64-debian-gcc, r-devel-linux-x86_64-fedora-clang, r-devel-linux-x86_64-fedora-gcc, r-devel-windows-x86_64, r-patched-linux-x86_64, r-release-linux-x86_64, r-release-macos-arm64, r-release-macos-x86_64, r-release-windows-x86_64, r-oldrel-macos-arm64, r-oldrel-macos-x86_64, r-oldrel-windows-ix86+x86_64