Last updated on 2023-09-21 20:54:44 CEST.
Flavor | Version | Tinstall | Tcheck | Ttotal | Status | Flags |
---|---|---|---|---|---|---|
r-devel-linux-x86_64-debian-clang | 2.3-4 | 883.85 | 289.39 | 1173.24 | NOTE | |
r-devel-linux-x86_64-debian-gcc | 2.3-4 | 762.40 | 256.48 | 1018.88 | NOTE | |
r-devel-linux-x86_64-fedora-clang | 2.3-4 | 1256.92 | NOTE | |||
r-devel-linux-x86_64-fedora-gcc | 2.3-4 | 1513.87 | NOTE | |||
r-devel-windows-x86_64 | 2.3-4 | 666.00 | 296.00 | 962.00 | NOTE | |
r-patched-linux-x86_64 | 2.3-4 | 756.23 | 338.47 | 1094.70 | NOTE | |
r-release-linux-x86_64 | 2.3-4 | 809.15 | 330.94 | 1140.09 | NOTE | |
r-release-macos-arm64 | 2.3-4 | 431.00 | NOTE | |||
r-release-macos-x86_64 | 2.3-4 | 587.00 | NOTE | |||
r-release-windows-x86_64 | 2.3-4 | 532.00 | 321.00 | 853.00 | NOTE | |
r-oldrel-macos-arm64 | 2.3-4 | 370.00 | NOTE | |||
r-oldrel-macos-x86_64 | 2.3-4 | 546.00 | NOTE | |||
r-oldrel-windows-x86_64 | 2.3-4 | 838.00 | 332.00 | 1170.00 | NOTE |
Version: 2.3-4
Check: package dependencies
Result: NOTE
Package suggested but not available for checking: ‘eggCountsExtra’
Flavors: r-devel-linux-x86_64-debian-clang, r-devel-linux-x86_64-debian-gcc, r-devel-linux-x86_64-fedora-clang, r-devel-linux-x86_64-fedora-gcc, r-devel-windows-x86_64, r-patched-linux-x86_64, r-release-linux-x86_64, r-release-macos-arm64, r-release-macos-x86_64, r-release-windows-x86_64, r-oldrel-macos-arm64, r-oldrel-macos-x86_64, r-oldrel-windows-x86_64
Version: 2.3-4
Check: for GNU extensions in Makefiles
Result: NOTE
GNU make is a SystemRequirements.
Flavors: r-devel-linux-x86_64-debian-clang, r-devel-linux-x86_64-debian-gcc, r-devel-linux-x86_64-fedora-clang, r-devel-linux-x86_64-fedora-gcc, r-devel-windows-x86_64, r-patched-linux-x86_64, r-release-linux-x86_64, r-release-macos-arm64, r-release-macos-x86_64, r-release-windows-x86_64, r-oldrel-macos-arm64, r-oldrel-macos-x86_64, r-oldrel-windows-x86_64
Version: 2.3-4
Check: installed package size
Result: NOTE
installed size is 8.5Mb
sub-directories of 1Mb or more:
libs 7.8Mb
Flavors: r-devel-linux-x86_64-fedora-clang, r-devel-windows-x86_64, r-release-macos-arm64, r-release-macos-x86_64, r-release-windows-x86_64, r-oldrel-macos-arm64, r-oldrel-macos-x86_64, r-oldrel-windows-x86_64