CRAN Package Check Results for Package educationdata

Last updated on 2024-07-14 09:51:10 CEST.

Flavor Version Tinstall Tcheck Ttotal Status Flags
r-devel-linux-x86_64-debian-clang 0.1.3 2.50 33.43 35.93 OK
r-devel-linux-x86_64-debian-gcc 0.1.3 1.81 25.36 27.17 OK
r-devel-linux-x86_64-fedora-clang 0.1.3 46.65 OK
r-devel-linux-x86_64-fedora-gcc 0.1.3 55.93 OK
r-devel-windows-x86_64 0.1.3 5.00 52.00 57.00 OK
r-patched-linux-x86_64 0.1.3 2.03 32.55 34.58 OK
r-release-linux-x86_64 0.1.3 1.85 32.18 34.03 OK
r-release-macos-arm64 0.1.3 38.00 ERROR
r-release-macos-x86_64 0.1.3 62.00 OK
r-release-windows-x86_64 0.1.3 4.00 50.00 54.00 OK
r-oldrel-macos-arm64 0.1.3 35.00 OK
r-oldrel-macos-x86_64 0.1.3 44.00 OK
r-oldrel-windows-x86_64 0.1.3 5.00 52.00 57.00 OK

Check Details

Version: 0.1.3
Check: re-building of vignette outputs
Result: ERROR Error(s) in re-building vignettes: ... --- re-building ‘introducing-educationdata.Rmd’ using rmarkdown Quitting from lines 55-64 [usage-02] (introducing-educationdata.Rmd) Error: processing vignette 'introducing-educationdata.Rmd' failed with diagnostics: Timeout was reached: [educationdata.urban.org] Resolving timed out after 10006 milliseconds --- failed re-building ‘introducing-educationdata.Rmd’ SUMMARY: processing the following file failed: ‘introducing-educationdata.Rmd’ Error: Vignette re-building failed. Execution halted Flavor: r-release-macos-arm64