CRAN Package Check Results for Package edmcr

Last updated on 2024-02-24 19:50:37 CET.

Flavor Version Tinstall Tcheck Ttotal Status Flags
r-devel-linux-x86_64-debian-clang 0.2.0 18.36 118.96 137.32 NOTE
r-devel-linux-x86_64-debian-gcc 0.2.0 16.85 89.60 106.45 NOTE
r-devel-linux-x86_64-fedora-clang 0.2.0 169.06 OK
r-devel-linux-x86_64-fedora-gcc 0.2.0 167.39 OK
r-devel-windows-x86_64 0.2.0 20.00 105.00 125.00 OK
r-patched-linux-x86_64 0.2.0 13.14 119.08 132.22 OK
r-release-linux-x86_64 0.2.0 13.67 118.49 132.16 OK
r-release-macos-arm64 0.2.0 54.00 OK
r-release-macos-x86_64 0.2.0 83.00 OK
r-release-windows-x86_64 0.2.0 25.00 124.00 149.00 OK
r-oldrel-macos-arm64 0.2.0 44.00 OK
r-oldrel-windows-x86_64 0.2.0 26.00 123.00 149.00 OK

Check Details

Version: 0.2.0
Check: Rd files
Result: NOTE checkRd: (-1) edm2psd.Rd:10: Lost braces; missing escapes or markup? 10 | \item{D}{A matrix in the set D_{n}^{-}.} | ^ checkRd: (-1) edm2psd.Rd:10: Lost braces; missing escapes or markup? 10 | \item{D}{A matrix in the set D_{n}^{-}.} | ^ Flavors: r-devel-linux-x86_64-debian-clang, r-devel-linux-x86_64-debian-gcc