CRAN Package Check Results for Package ediblecity

Last updated on 2024-02-27 19:54:36 CET.

Flavor Version Tinstall Tcheck Ttotal Status Flags
r-devel-linux-x86_64-debian-clang 0.2.1 9.87 115.48 125.35 OK
r-devel-linux-x86_64-debian-gcc 0.2.1 7.34 86.41 93.75 OK
r-devel-linux-x86_64-fedora-clang 0.2.1 156.78 NOTE
r-devel-linux-x86_64-fedora-gcc 0.2.1 157.76 NOTE
r-devel-windows-x86_64 0.2.1 9.00 99.00 108.00 OK
r-patched-linux-x86_64 0.2.1 11.05 112.20 123.25 OK
r-release-linux-x86_64 0.2.1 9.29 113.68 122.97 OK
r-release-macos-arm64 0.2.1 45.00 OK
r-release-macos-x86_64 0.2.1 94.00 OK
r-release-windows-x86_64 0.2.1 11.00 124.00 135.00 OK
r-oldrel-macos-arm64 0.2.1 45.00 OK
r-oldrel-windows-x86_64 0.2.1 13.00 126.00 139.00 OK

Check Details

Version: 0.2.1
Check: data for non-ASCII characters
Result: NOTE Note: found 6 marked UTF-8 strings Flavors: r-devel-linux-x86_64-fedora-clang, r-devel-linux-x86_64-fedora-gcc