CRAN Package Check Results for Package edcc

Last updated on 2021-09-20 08:50:12 CEST.

Flavor Version Tinstall Tcheck Ttotal Status Flags
r-devel-linux-x86_64-debian-clang 1.0-0 4.13 31.26 35.39 NOTE
r-devel-linux-x86_64-debian-gcc 1.0-0 3.19 24.55 27.74 NOTE
r-devel-linux-x86_64-fedora-clang 1.0-0 51.44 NOTE
r-devel-linux-x86_64-fedora-gcc 1.0-0 40.47 NOTE
r-devel-windows-x86_64 1.0-0 6.00 35.00 41.00 NOTE
r-devel-windows-x86_64-gcc10-UCRT 1.0-0 ERROR
r-patched-linux-x86_64 1.0-0 4.04 30.73 34.77 NOTE
r-patched-solaris-x86 1.0-0 62.10 NOTE
r-release-linux-x86_64 1.0-0 3.48 30.40 33.88 NOTE
r-release-macos-arm64 1.0-0 NOTE
r-release-macos-x86_64 1.0-0 NOTE
r-release-windows-ix86+x86_64 1.0-0 7.00 36.00 43.00 NOTE
r-oldrel-macos-x86_64 1.0-0 NOTE
r-oldrel-windows-ix86+x86_64 1.0-0 6.00 36.00 42.00 NOTE

Check Details

Version: 1.0-0
Check: dependencies in R code
Result: NOTE
    Package in Depends field not imported from: 'spc'
     These packages need to be imported from (in the NAMESPACE file)
     for when this namespace is loaded but not attached.
Flavors: r-devel-linux-x86_64-debian-clang, r-devel-linux-x86_64-debian-gcc, r-devel-linux-x86_64-fedora-clang, r-devel-linux-x86_64-fedora-gcc, r-devel-windows-x86_64, r-devel-windows-x86_64-gcc10-UCRT, r-patched-linux-x86_64, r-patched-solaris-x86, r-release-linux-x86_64, r-release-macos-arm64, r-release-macos-x86_64, r-release-windows-ix86+x86_64, r-oldrel-macos-x86_64, r-oldrel-windows-ix86+x86_64

Version: 1.0-0
Check: R code for possible problems
Result: NOTE
    .echCusum1: no visible global function definition for 'xcusum.arl'
    .echCusum2: no visible global function definition for 'xcusum.arl'
    .echEwma1: no visible global function definition for 'xewma.arl'
    .echEwma2: no visible global function definition for 'xewma.arl'
    .echXbar1: no visible global function definition for 'pnorm'
    .echXbar2: no visible global function definition for 'pnorm'
    contour.edcc: no visible global function definition for 'par'
    contour.edcc: no visible global function definition for 'title'
    contour.edcc: no visible global function definition for 'mtext'
    contour.edcc: no visible global function definition for 'points'
    echCusum: no visible global function definition for 'xcusum.arl'
    echEwma: no visible global function definition for 'xewma.arl'
    echXbar: no visible global function definition for 'pnorm'
    ecoCusum: no visible global function definition for 'optim'
    ecoCusum: no visible global function definition for 'contour'
    ecoCusum: no visible global function definition for 'mtext'
    ecoCusum: no visible global function definition for 'points'
    ecoCusum: no visible global function definition for 'xcusum.arl'
    ecoEwma: no visible global function definition for 'optim'
    ecoEwma: no visible global function definition for 'contour'
    ecoEwma: no visible global function definition for 'points'
    ecoEwma: no visible global function definition for 'mtext'
    ecoEwma: no visible global function definition for 'title'
    ecoEwma: no visible global function definition for 'xewma.arl'
    ecoXbar: no visible global function definition for 'optim'
    ecoXbar: no visible global function definition for 'contour'
    ecoXbar: no visible global function definition for 'mtext'
    ecoXbar: no visible global function definition for 'points'
    ecoXbar: no visible global function definition for 'pnorm'
    Undefined global functions or variables:
     contour mtext optim par pnorm points title xcusum.arl xewma.arl
    Consider adding
     importFrom("graphics", "contour", "mtext", "par", "points", "title")
     importFrom("stats", "optim", "pnorm")
    to your NAMESPACE file.
Flavors: r-devel-linux-x86_64-debian-clang, r-devel-linux-x86_64-debian-gcc, r-devel-linux-x86_64-fedora-clang, r-devel-linux-x86_64-fedora-gcc, r-devel-windows-x86_64, r-devel-windows-x86_64-gcc10-UCRT, r-patched-linux-x86_64, r-patched-solaris-x86, r-release-linux-x86_64, r-release-macos-arm64, r-release-macos-x86_64, r-release-windows-ix86+x86_64, r-oldrel-macos-x86_64, r-oldrel-windows-ix86+x86_64

Version: 1.0-0
Check: Rd line widths
Result: NOTE
    Rd file 'ecoCusum.Rd':
     \examples lines wider than 100 characters:
     ## global optimization to h, H and n, when lambda = 0.01, "Nelder-Mead" optimization algorithm doesn't work
    
    Rd file 'ecoEwma.Rd':
     \examples lines wider than 100 characters:
     #yy = ecoEwma(h = seq(.7,1,by=.01), w = seq(0.8,1,by=.01),k = seq(2.9,3.3, by = 0.01), n = 4:5, P0 = 110, P1 = 10, Cf = 50, contour.plo ... [TRUNCATED]
    
    These lines will be truncated in the PDF manual.
Flavors: r-devel-linux-x86_64-debian-clang, r-devel-linux-x86_64-debian-gcc, r-devel-linux-x86_64-fedora-clang, r-devel-linux-x86_64-fedora-gcc, r-patched-linux-x86_64, r-release-linux-x86_64

Version: 1.0-0
Check: whether package can be installed
Result: WARN
    Found the following significant warnings:
     WARNING: installation-time patches will not be applied, could not get the patches index
Flavor: r-devel-windows-x86_64-gcc10-UCRT

Version: 1.0-0
Check: PDF version of manual
Result: WARN
    LaTeX errors when creating PDF version.
    This typically indicates Rd problems.
Flavor: r-devel-windows-x86_64-gcc10-UCRT

Version: 1.0-0
Check: PDF version of manual without hyperrefs or index
Result: ERROR
    Re-running with no redirection of stdout/stderr.
Flavor: r-devel-windows-x86_64-gcc10-UCRT