CRAN Package Check Results for Package ecr

Last updated on 2021-12-01 19:51:34 CET.

Flavor Version Tinstall Tcheck Ttotal Status Flags
r-devel-linux-x86_64-debian-clang 2.1.0 14.89 89.25 104.14 NOTE
r-devel-linux-x86_64-debian-gcc 2.1.0 10.51 67.43 77.94 NOTE
r-devel-linux-x86_64-fedora-clang 2.1.0 136.06 NOTE
r-devel-linux-x86_64-fedora-gcc 2.1.0 124.09 NOTE
r-devel-windows-x86_64-new-UL 2.1.0 37.00 144.00 181.00 NOTE
r-devel-windows-x86_64-new-TK 2.1.0 NOTE
r-devel-windows-x86_64-old 2.1.0 22.00 82.00 104.00 NOTE
r-patched-linux-x86_64 2.1.0 15.60 83.18 98.78 NOTE
r-patched-solaris-x86 2.1.0 164.60 NOTE
r-release-linux-x86_64 2.1.0 12.61 83.52 96.13 NOTE
r-release-macos-arm64 2.1.0 NOTE
r-release-macos-x86_64 2.1.0 NOTE
r-release-windows-ix86+x86_64 2.1.0 35.00 97.00 132.00 NOTE
r-oldrel-macos-x86_64 2.1.0 OK
r-oldrel-windows-ix86+x86_64 2.1.0 27.00 106.00 133.00 OK

Check Details

Version: 2.1.0
Check: LazyData
Result: NOTE
     'LazyData' is specified without a 'data' directory
Flavors: r-devel-linux-x86_64-debian-clang, r-devel-linux-x86_64-debian-gcc, r-devel-linux-x86_64-fedora-clang, r-devel-linux-x86_64-fedora-gcc, r-devel-windows-x86_64-new-UL, r-devel-windows-x86_64-new-TK, r-devel-windows-x86_64-old, r-patched-linux-x86_64, r-patched-solaris-x86, r-release-linux-x86_64, r-release-macos-arm64, r-release-macos-x86_64, r-release-windows-ix86+x86_64