Last updated on 2023-12-04 18:52:13 CET.
Flavor | Version | Tinstall | Tcheck | Ttotal | Status | Flags |
---|---|---|---|---|---|---|
r-devel-linux-x86_64-debian-clang | 0.1.1 | 23.10 | 46.56 | 69.66 | OK | |
r-devel-linux-x86_64-debian-gcc | 0.1.1 | 14.39 | 35.46 | 49.85 | OK | |
r-devel-linux-x86_64-fedora-clang | 0.1.1 | 94.60 | NOTE | |||
r-devel-linux-x86_64-fedora-gcc | 0.1.1 | 88.56 | NOTE | |||
r-devel-windows-x86_64 | 0.1.1 | 19.00 | 72.00 | 91.00 | OK | |
r-patched-linux-x86_64 | 0.1.1 | 20.18 | 45.62 | 65.80 | OK | |
r-release-linux-x86_64 | 0.1.1 | 18.48 | 44.82 | 63.30 | OK | |
r-release-macos-arm64 | 0.1.1 | 34.00 | OK | |||
r-release-macos-x86_64 | 0.1.1 | 71.00 | OK | |||
r-release-windows-x86_64 | 0.1.1 | 20.00 | 80.00 | 100.00 | OK | |
r-oldrel-macos-arm64 | 0.1.1 | 36.00 | OK | |||
r-oldrel-macos-x86_64 | 0.0.3 | 93.00 | OK | |||
r-oldrel-windows-x86_64 | 0.1.1 | 25.00 | 79.00 | 104.00 | OK |
Version: 0.1.1
Check: data for non-ASCII characters
Result: NOTE
Note: found 42 marked UTF-8 strings
Flavors: r-devel-linux-x86_64-fedora-clang, r-devel-linux-x86_64-fedora-gcc