CRAN Package Check Results for Package ecospace

Last updated on 2020-11-26 20:51:37 CET.

Flavor Version Tinstall Tcheck Ttotal Status Flags
r-devel-linux-x86_64-debian-clang 1.4.2 9.66 145.91 155.57 OK
r-devel-linux-x86_64-debian-gcc 1.4.2 8.16 106.21 114.37 OK
r-devel-linux-x86_64-fedora-clang 1.4.2 184.87 OK
r-devel-linux-x86_64-fedora-gcc 1.4.2 197.31 OK
r-devel-windows-ix86+x86_64 1.4.2 21.00 172.00 193.00 OK
r-patched-linux-x86_64 1.4.2 9.80 138.41 148.21 OK
r-patched-solaris-x86 1.4.2 241.60 OK
r-release-linux-x86_64 1.4.2 9.70 137.49 147.19 OK
r-release-macos-x86_64 1.4.2 OK
r-release-windows-ix86+x86_64 1.4.2 22.00 132.00 154.00 OK
r-oldrel-macos-x86_64 1.4.2 ERROR
r-oldrel-windows-ix86+x86_64 1.3.1 16.00 201.00 217.00 OK

Check Details

Version: 1.4.2
Check: whether package can be installed
Result: ERROR
    Installation failed.
Flavor: r-oldrel-macos-x86_64