CRAN Package Check Results for Package ecm

Last updated on 2023-03-30 08:53:35 CEST.

Flavor Version Tinstall Tcheck Ttotal Status Flags
r-devel-linux-x86_64-debian-clang 6.3.0 3.48 28.69 32.17 OK
r-devel-linux-x86_64-debian-gcc 6.3.0 2.49 22.56 25.05 OK
r-devel-linux-x86_64-fedora-clang 6.3.0 41.06 NOTE
r-devel-linux-x86_64-fedora-gcc 6.3.0 38.41 NOTE
r-devel-windows-x86_64 6.3.0 10.00 0.00 10.00 OK
r-patched-linux-x86_64 6.3.0 3.51 28.04 31.55 OK
r-release-linux-x86_64 6.3.0 2.74 30.08 32.82 OK
r-release-macos-arm64 6.3.0 17.00 NOTE
r-release-macos-x86_64 6.3.0 29.00 NOTE
r-release-windows-x86_64 6.3.0 12.00 58.00 70.00 OK
r-oldrel-macos-arm64 6.3.0 28.00 NOTE
r-oldrel-macos-x86_64 6.3.0 37.00 NOTE
r-oldrel-windows-ix86+x86_64 6.3.0 8.00 52.00 60.00 OK

Check Details

Version: 6.3.0
Check: dependencies in R code
Result: NOTE
    Namespaces in Imports field not imported from:
     ‘lmtest’ ‘sandwich’ ‘urca’
     All declared Imports should be used.
Flavors: r-devel-linux-x86_64-fedora-clang, r-devel-linux-x86_64-fedora-gcc, r-release-macos-arm64, r-release-macos-x86_64, r-oldrel-macos-arm64, r-oldrel-macos-x86_64