CRAN Package Check Results for Package echoice2

Last updated on 2024-02-26 07:49:59 CET.

Flavor Version Tinstall Tcheck Ttotal Status Flags
r-devel-linux-x86_64-debian-clang 0.2.4 95.39 107.06 202.45 OK
r-devel-linux-x86_64-debian-gcc 0.2.4 76.42 77.05 153.47 OK
r-devel-linux-x86_64-fedora-clang 0.2.4 243.03 OK
r-devel-linux-x86_64-fedora-gcc 0.2.4 270.09 OK
r-devel-windows-x86_64 0.2.4 61.00 120.00 181.00 OK
r-patched-linux-x86_64 0.2.4 76.20 97.43 173.63 OK
r-release-linux-x86_64 0.2.4 77.01 98.30 175.31 OK
r-release-macos-arm64 0.2.4 79.00 NOTE
r-release-macos-x86_64 0.2.4 267.00 NOTE
r-release-windows-x86_64 0.2.4 79.00 151.00 230.00 OK
r-oldrel-macos-arm64 0.2.4 83.00 NOTE
r-oldrel-windows-x86_64 0.2.4 75.00 152.00 227.00 OK

Check Details

Version: 0.2.4
Check: installed package size
Result: NOTE installed size is 13.5Mb sub-directories of 1Mb or more: doc 1.3Mb libs 11.7Mb Flavors: r-release-macos-arm64, r-release-macos-x86_64, r-oldrel-macos-arm64