CRAN Package Check Results for Package echarty

Last updated on 2022-06-30 21:49:41 CEST.

Flavor Version Tinstall Tcheck Ttotal Status Flags
r-devel-linux-x86_64-debian-clang 1.4.5 8.80 69.11 77.91 OK
r-devel-linux-x86_64-debian-gcc 1.4.5 5.92 51.01 56.93 OK
r-devel-linux-x86_64-fedora-clang 1.4.5 102.32 OK
r-devel-linux-x86_64-fedora-gcc 1.4.5 99.01 NOTE
r-devel-windows-x86_64 1.4.5 23.00 105.00 128.00 OK
r-patched-linux-x86_64 1.4.5 7.11 64.92 72.03 OK
r-release-linux-x86_64 1.4.5 5.52 64.18 69.70 OK
r-release-macos-arm64 1.4.5 30.00 OK
r-release-macos-x86_64 1.4.5 58.00 OK
r-release-windows-x86_64 1.4.5 25.00 96.00 121.00 OK
r-oldrel-macos-arm64 1.4.5 27.00 OK
r-oldrel-macos-x86_64 1.4.5 41.00 OK
r-oldrel-windows-ix86+x86_64 1.4.5 19.00 102.00 121.00 OK

Check Details

Version: 1.4.5
Check: for detritus in the temp directory
Result: NOTE
    Found the following files/directories:
     ‘Temp-9d9e665c-9279-4a7f-96af-fedf6b55a0fe’
Flavor: r-devel-linux-x86_64-fedora-gcc