CRAN Package Check Results for Package ebdbNet

Last updated on 2020-07-14 09:50:26 CEST.

Flavor Version Tinstall Tcheck Ttotal Status Flags
r-devel-linux-x86_64-debian-clang 1.2.5 7.62 27.12 34.74 OK
r-devel-linux-x86_64-debian-gcc 1.2.5 4.90 21.28 26.18 OK
r-devel-linux-x86_64-fedora-clang 1.2.5 51.84 NOTE
r-devel-linux-x86_64-fedora-gcc 1.2.5 41.77 NOTE
r-devel-windows-ix86+x86_64 1.2.5 18.00 66.00 84.00 OK
r-patched-linux-x86_64 1.2.5 5.84 26.66 32.50 OK
r-patched-solaris-x86 1.2.5 62.70 OK
r-release-linux-x86_64 1.2.5 5.26 26.86 32.12 OK
r-release-macos-x86_64 1.2.5 ERROR
r-release-windows-ix86+x86_64 1.2.5 19.00 48.00 67.00 OK
r-oldrel-macos-x86_64 1.2.5 OK
r-oldrel-windows-ix86+x86_64 1.2.5 17.00 61.00 78.00 OK

Check Details

Version: 1.2.5
Check: compiled code
Result: NOTE
    File ‘ebdbNet/libs/ebdbNet.so’:
     Found no calls to: ‘R_registerRoutines’, ‘R_useDynamicSymbols’
    
    It is good practice to register native routines and to disable symbol
    search.
    
    See ‘Writing portable packages’ in the ‘Writing R Extensions’ manual.
Flavors: r-devel-linux-x86_64-fedora-clang, r-devel-linux-x86_64-fedora-gcc

Version: 1.2.5
Check: whether package can be installed
Result: ERROR
    Installation failed.
Flavor: r-release-macos-x86_64