CRAN Package Check Results for Package easyr

Last updated on 2021-12-01 19:51:34 CET.

Flavor Version Tinstall Tcheck Ttotal Status Flags
r-devel-linux-x86_64-debian-clang 0.5-4 5.96 70.57 76.53 OK
r-devel-linux-x86_64-debian-gcc 0.5-4 4.77 52.98 57.75 OK
r-devel-linux-x86_64-fedora-clang 0.5-4 106.73 NOTE
r-devel-linux-x86_64-fedora-gcc 0.5-4 107.47 NOTE
r-devel-windows-x86_64-new-UL 0.5-4 20.00 142.00 162.00 OK
r-devel-windows-x86_64-new-TK 0.5-4 NOTE
r-devel-windows-x86_64-old 0.5-4 10.00 86.00 96.00 OK
r-patched-linux-x86_64 0.5-4 6.08 57.72 63.80 OK
r-patched-solaris-x86 0.5-4 106.60 NOTE
r-release-linux-x86_64 0.5-4 5.51 58.65 64.16 OK
r-release-macos-arm64 0.5-4 NOTE
r-release-macos-x86_64 0.5-4 NOTE
r-release-windows-ix86+x86_64 0.5-4 12.00 74.00 86.00 OK
r-oldrel-macos-x86_64 0.5-4 NOTE
r-oldrel-windows-ix86+x86_64 0.5-4 7.00 74.00 81.00 OK

Check Details

Version: 0.5-4
Check: dependencies in R code
Result: NOTE
    Namespace in Imports field not imported from: ‘rprojroot’
     All declared Imports should be used.
Flavors: r-devel-linux-x86_64-fedora-clang, r-devel-linux-x86_64-fedora-gcc, r-devel-windows-x86_64-new-TK, r-patched-solaris-x86, r-release-macos-arm64, r-release-macos-x86_64, r-oldrel-macos-x86_64