CRAN Package Check Results for Package easyVerification

Last updated on 2022-01-26 19:50:30 CET.

Flavor Version Tinstall Tcheck Ttotal Status Flags
r-devel-linux-x86_64-debian-clang 0.4.4 25.14 54.14 79.28 NOTE
r-devel-linux-x86_64-debian-gcc 0.4.4 22.19 41.90 64.09 NOTE
r-devel-linux-x86_64-fedora-clang 0.4.4 114.60 NOTE
r-devel-linux-x86_64-fedora-gcc 0.4.4 102.65 NOTE
r-devel-windows-x86_64-new-UL 0.4.4 165.00 98.00 263.00 NOTE
r-devel-windows-x86_64-new-TK 0.4.4 NOTE
r-patched-linux-x86_64 0.4.4 25.11 50.63 75.74 NOTE
r-release-linux-x86_64 0.4.4 26.50 51.77 78.27 NOTE
r-release-macos-arm64 0.4.4 NOTE
r-release-macos-x86_64 0.4.4 NOTE
r-release-windows-ix86+x86_64 0.4.4 69.00 117.00 186.00 NOTE
r-oldrel-macos-x86_64 0.4.4 OK
r-oldrel-windows-ix86+x86_64 0.4.4 68.00 120.00 188.00 OK

Check Details

Version: 0.4.4
Check: LazyData
Result: NOTE
     'LazyData' is specified without a 'data' directory
Flavors: r-devel-linux-x86_64-debian-clang, r-devel-linux-x86_64-debian-gcc, r-devel-linux-x86_64-fedora-clang, r-devel-linux-x86_64-fedora-gcc, r-devel-windows-x86_64-new-UL, r-devel-windows-x86_64-new-TK, r-patched-linux-x86_64, r-release-linux-x86_64, r-release-macos-arm64, r-release-macos-x86_64, r-release-windows-ix86+x86_64