CRAN Package Check Results for Package easyDifferentialGeneCoexpression

Last updated on 2024-02-21 19:53:13 CET.

Flavor Version Tinstall Tcheck Ttotal Status Flags
r-devel-linux-x86_64-debian-clang 1.4 OK
r-devel-linux-x86_64-debian-gcc 1.4 40.84 334.32 375.16 OK
r-devel-linux-x86_64-fedora-clang 1.4 660.96 OK
r-devel-linux-x86_64-fedora-gcc 1.4 646.84 OK
r-devel-windows-x86_64 1.4 44.00 304.00 348.00 OK
r-patched-linux-x86_64 1.4 38.05 406.88 444.93 OK
r-release-linux-x86_64 1.4 42.67 438.82 481.49 OK
r-release-macos-arm64 1.4 168.00 OK
r-release-macos-x86_64 1.4 345.00 OK
r-release-windows-x86_64 1.4 57.00 402.00 459.00 OK
r-oldrel-macos-arm64 1.4 10.00 ERROR
r-oldrel-windows-x86_64 1.4 52.00 348.00 400.00 OK

Check Details

Version: 1.4
Check: package dependencies
Result: ERROR Package required but not available: ‘diffcoexp’ See section ‘The DESCRIPTION file’ in the ‘Writing R Extensions’ manual. Flavor: r-oldrel-macos-arm64