CRAN Package Check Results for Package easyDes

Last updated on 2021-09-21 08:49:39 CEST.

Flavor Version Tinstall Tcheck Ttotal Status Flags
r-devel-linux-x86_64-debian-clang 5.0 12.35 85.63 97.98 OK
r-devel-linux-x86_64-debian-gcc 5.0 8.58 65.00 73.58 OK
r-devel-linux-x86_64-fedora-clang 5.0 123.08 OK
r-devel-linux-x86_64-fedora-gcc 5.0 111.79 OK
r-devel-windows-x86_64 5.0 14.00 75.00 89.00 OK
r-devel-windows-x86_64-gcc10-UCRT 5.0 ERROR
r-patched-linux-x86_64 5.0 8.92 81.48 90.40 OK
r-patched-solaris-x86 5.0 170.00 OK
r-release-linux-x86_64 5.0 9.83 82.77 92.60 OK
r-release-macos-arm64 5.0 OK
r-release-macos-x86_64 5.0 OK
r-release-windows-ix86+x86_64 5.0 23.00 78.00 101.00 OK
r-oldrel-macos-x86_64 5.0 OK
r-oldrel-windows-ix86+x86_64 5.0 24.00 76.00 100.00 OK

Check Details

Version: 5.0
Check: whether package can be installed
Result: WARN
    Found the following significant warnings:
     WARNING: installation-time patches will not be applied, could not get the patches index
Flavor: r-devel-windows-x86_64-gcc10-UCRT

Version: 5.0
Check: PDF version of manual
Result: WARN
    LaTeX errors when creating PDF version.
    This typically indicates Rd problems.
Flavor: r-devel-windows-x86_64-gcc10-UCRT

Version: 5.0
Check: PDF version of manual without hyperrefs or index
Result: ERROR
    Re-running with no redirection of stdout/stderr.
Flavor: r-devel-windows-x86_64-gcc10-UCRT