CRAN Package Check Results for Package eSDM

Last updated on 2021-11-27 19:49:33 CET.

Flavor Version Tinstall Tcheck Ttotal Status Flags
r-devel-linux-x86_64-debian-clang 0.3.7 OK
r-devel-linux-x86_64-debian-gcc 0.3.7 7.75 226.53 234.28 OK
r-devel-linux-x86_64-fedora-clang 0.3.7 389.74 OK
r-devel-linux-x86_64-fedora-gcc 0.3.7 392.41 OK
r-devel-windows-x86_64-new-UL 0.3.7 22.00 422.00 444.00 OK
r-devel-windows-x86_64-new-TK 0.3.7 OK
r-devel-windows-x86_64-old 0.3.7 14.00 364.00 378.00 OK
r-patched-linux-x86_64 0.3.7 8.55 308.01 316.56 OK
r-patched-solaris-x86 0.3.7 540.60 NOTE
r-release-linux-x86_64 0.3.7 OK
r-release-macos-arm64 0.3.7 OK
r-release-macos-x86_64 0.3.7 OK
r-release-windows-ix86+x86_64 0.3.7 23.00 303.00 326.00 OK
r-oldrel-macos-x86_64 0.3.7 OK
r-oldrel-windows-ix86+x86_64 0.3.7 34.00 388.00 422.00 OK

Check Details

Version: 0.3.7
Check: installed package size
Result: NOTE
     installed size is 5.0Mb
     sub-directories of 1Mb or more:
     extdata 1.7Mb
     shiny 2.1Mb
Flavor: r-patched-solaris-x86