CRAN Package Check Results for Package eHDPrep

Last updated on 2025-01-24 19:48:26 CET.

Flavor Version Tinstall Tcheck Ttotal Status Flags
r-devel-linux-x86_64-debian-clang 1.3.3 14.88 283.68 298.56 NOTE
r-devel-linux-x86_64-debian-gcc 1.3.3 10.48 182.72 193.20 NOTE
r-devel-linux-x86_64-fedora-clang 1.3.3 479.05 OK
r-devel-linux-x86_64-fedora-gcc 1.3.3 491.84 OK
r-devel-windows-x86_64 1.3.3 15.00 343.00 358.00 NOTE
r-patched-linux-x86_64 1.3.3 20.02 259.15 279.17 OK
r-release-linux-x86_64 1.3.3 14.84 260.56 275.40 OK
r-release-macos-arm64 1.3.3 126.00 OK
r-release-macos-x86_64 1.3.3 263.00 OK
r-release-windows-x86_64 1.3.3 15.00 322.00 337.00 OK
r-oldrel-macos-arm64 1.3.3 168.00 OK
r-oldrel-macos-x86_64 1.3.3 383.00 OK
r-oldrel-windows-x86_64 1.3.3 21.00 389.00 410.00 OK

Check Details

Version: 1.3.3
Check: Rd cross-references
Result: NOTE Found the following Rd file(s) with Rd \link{} targets missing package anchors: join_vars_to_ontol.Rd: tidygraph metavariable_agg.Rd: tidygraph Please provide package anchors for all Rd \link{} targets not in the package itself and the base packages. Flavors: r-devel-linux-x86_64-debian-clang, r-devel-linux-x86_64-debian-gcc, r-devel-windows-x86_64