CRAN Package Check Results for Package eHDPrep

Last updated on 2024-02-26 07:49:59 CET.

Flavor Version Tinstall Tcheck Ttotal Status Flags
r-devel-linux-x86_64-debian-clang 1.3.3 19.99 382.25 402.24 OK
r-devel-linux-x86_64-debian-gcc 1.3.3 14.80 292.41 307.21 OK
r-devel-linux-x86_64-fedora-clang 1.3.3 491.59 NOTE
r-devel-linux-x86_64-fedora-gcc 1.3.3 506.12 NOTE
r-devel-windows-x86_64 1.3.3 17.00 344.00 361.00 OK
r-patched-linux-x86_64 1.3.3 22.92 377.38 400.30 OK
r-release-linux-x86_64 1.3.3 17.51 373.13 390.64 OK
r-release-macos-arm64 1.3.3 168.00 OK
r-release-macos-x86_64 1.3.3 383.00 OK
r-release-windows-x86_64 1.3.3 21.00 426.00 447.00 OK
r-oldrel-macos-arm64 1.3.3 158.00 OK
r-oldrel-windows-x86_64 1.3.3 22.00 415.00 437.00 OK

Check Details

Version: 1.3.3
Check: data for non-ASCII characters
Result: NOTE Note: found 7 marked UTF-8 strings Flavors: r-devel-linux-x86_64-fedora-clang, r-devel-linux-x86_64-fedora-gcc