CRAN Package Check Results for Package eCAR

Last updated on 2021-12-04 07:50:19 CET.

Flavor Version Tinstall Tcheck Ttotal Status Flags
r-devel-linux-x86_64-debian-clang 0.1.1 5.05 39.21 44.26 NOTE
r-devel-linux-x86_64-debian-gcc 0.1.1 3.95 30.00 33.95 NOTE
r-devel-linux-x86_64-fedora-clang 0.1.1 55.37 OK
r-devel-linux-x86_64-fedora-gcc 0.1.1 44.53 OK
r-devel-windows-x86_64-new-UL 0.1.1 14.00 75.00 89.00 NOTE
r-devel-windows-x86_64-new-TK 0.1.1 NOTE
r-devel-windows-x86_64-old 0.1.1 9.00 40.00 49.00 OK
r-patched-linux-x86_64 0.1.1 3.74 29.68 33.42 NOTE
r-release-linux-x86_64 0.1.1 4.43 29.14 33.57 NOTE
r-release-macos-arm64 0.1.1 NOTE
r-release-macos-x86_64 0.1.1 NOTE
r-release-windows-ix86+x86_64 0.1.1 15.00 62.00 77.00 OK
r-oldrel-macos-x86_64 0.1.1 NOTE
r-oldrel-windows-ix86+x86_64 0.1.1 15.00 64.00 79.00 OK

Check Details

Version: 0.1.1
Check: package dependencies
Result: NOTE
    Package suggested but not available for checking: 'INLA'
Flavors: r-devel-linux-x86_64-debian-clang, r-devel-linux-x86_64-debian-gcc, r-devel-windows-x86_64-new-UL, r-devel-windows-x86_64-new-TK, r-patched-linux-x86_64, r-release-linux-x86_64, r-release-macos-arm64, r-release-macos-x86_64, r-oldrel-macos-x86_64